{"id":3537,"date":"2023-09-28T13:59:10","date_gmt":"2023-09-28T11:59:10","guid":{"rendered":"http:\/\/lhivernu.com\/?post_type=mec-events&#038;p=3537"},"modified":"2024-02-23T11:46:04","modified_gmt":"2024-02-23T10:46:04","slug":"semaine-de-la-marionnette-3","status":"publish","type":"mec-events","link":"https:\/\/lhivernu.com\/index.php\/events\/semaine-de-la-marionnette-3\/","title":{"rendered":"Semaine de la marionnette"},"content":{"rendered":"<p>19&gt;23 &#8211; SEMAINE DE LA MARIONNETTE ET<br \/>\nDES FORMES ANIM\u00c9ES.<br \/>\nUne semaine avec la Cie 36 du mois dans la vall\u00e9e du Valdonnez<br \/>\n# 18 &gt; 22 mars. EXPOSITION VARIATIONS<br \/>\nInstallations d\u2019oeuvres anim\u00e9es par des automates dans les villages du Vadonnez.<br \/>\nAu restaurant O Bram\u2019s \u00e0 St \u00e9tienne du Valdonnez, \u00e0 l\u2019\u00e9cole de Lanu\u00e9jols, \u00e0 la salle des F\u00eates et \u00e0 la Bergerie<br \/>\nde Langlade Brenoux, \u00e0 Saint Bauzile. En acc\u00e8s libre, pour tous publics.<br \/>\n# Sam 23 mars . Spectacle de marionnettes et banquet<br \/>\n18H ON \u00c9TAIT UNE FOIS : M\u00e9lange inventif et intuitif de bricolage, de<br \/>\nbidouille et d\u2019informatique, cette recherche artistique vise avant tout la justesse et<br \/>\nla pertinence du mouvement. Entre bouts de ficelle et robotique s\u2019ouvre un champ<br \/>\npo\u00e9tique et sensible illimit\u00e9.<br \/>\nLe r\u00e9sultat obtenu est proche du cin\u00e9ma d\u2019animation : mais ici, pas de pixel, pas<br \/>\nd\u2019\u00e9cran, pas de distance ni de projection ; les personnages sont \u201cl\u00e0\u201d, la mati\u00e8re<br \/>\nprend vie sous nos yeux, maintenant.<br \/>\n\u00c9criture, mise en sc\u00e8ne, musique : Emmanuel Audibert, Accompagnement artistique : Mathilde Henry,<br \/>\nCollaboration \u00e0 la dramaturgie : Jennifer Lauro-Mariani, Arrangements musicaux :Gilles Stroch,<br \/>\nComplicit\u00e9s : Jean-Louis Heckel, Jo\u00eblle Nogues et Sylviane Manuel<br \/>\nTarif Unique 6 euros. \u00c0 partir de 7 ans<br \/>\nAU PROGRAMME : . 16H. Atelier fabrique de paysage<br \/>\n. 17h. Exposition Variation<br \/>\n. 18h. Spectacle \u00ab On \u00e9tait une fois \u00bb<br \/>\n. 20h30 Banquet (participation libre et consciente)<br \/>\nEv\u00e9nement co-accueilli avec Les sc\u00e8nes crois\u00e9es de Loz\u00e8re et l\u2019EPCI Mont-Loz\u00e8re<\/p>\n","protected":false},"excerpt":{"rendered":"<p>19&gt;23 &#8211; SEMAINE DE LA MARIONNETTE ET DES FORMES ANIM\u00c9ES. Une semaine avec la Cie 36 du mois dans la vall\u00e9e du Valdonnez # 18 &gt; 22 mars. EXPOSITION VARIATIONS Installations d\u2019oeuvres anim\u00e9es par des automates dans les villages du Vadonnez. Au restaurant O Bram\u2019s \u00e0 St \u00e9tienne du Valdonnez, \u00e0 l\u2019\u00e9cole de Lanu\u00e9jols, \u00e0 la salle des F\u00eates et \u00e0 la Bergerie de Langlade Brenoux, \u00e0 Saint Bauzile. En acc\u00e8s libre, pour tous publics. # Sam 23 mars . Spectacle de marionnettes et banquet 18H ON \u00c9TAIT UNE FOIS : M\u00e9lange inventif et intuitif de bricolage, de bidouille et d\u2019informatique, cette recherche artistique vise avant tout la justesse et la pertinence du mouvement. Entre bouts de ficelle et robotique s\u2019ouvre un champ po\u00e9tique et sensible illimit\u00e9. Le r\u00e9sultat obtenu est proche du cin\u00e9ma d\u2019animation : mais ici, pas de pixel, pas d\u2019\u00e9cran, pas de distance ni de projection ; les personnages sont \u201cl\u00e0\u201d, la mati\u00e8re prend vie sous nos yeux, maintenant. \u00c9criture, mise en sc\u00e8ne, musique : Emmanuel Audibert, Accompagnement artistique : Mathilde Henry, Collaboration \u00e0 la dramaturgie : Jennifer Lauro-Mariani, Arrangements musicaux :Gilles Stroch, Complicit\u00e9s : Jean-Louis Heckel, Jo\u00eblle Nogues et Sylviane Manuel Tarif Unique 6 euros. \u00c0 [&hellip;]<\/p>\n","protected":false},"author":4,"featured_media":3924,"comment_status":"open","ping_status":"closed","template":"","tags":[],"mec_category":[44],"class_list":["post-3537","mec-events","type-mec-events","status-publish","has-post-thumbnail","hentry","mec_category-evenement-a-la-fabrique"],"_links":{"self":[{"href":"https:\/\/lhivernu.com\/index.php\/wp-json\/wp\/v2\/mec-events\/3537","targetHints":{"allow":["GET"]}}],"collection":[{"href":"https:\/\/lhivernu.com\/index.php\/wp-json\/wp\/v2\/mec-events"}],"about":[{"href":"https:\/\/lhivernu.com\/index.php\/wp-json\/wp\/v2\/types\/mec-events"}],"author":[{"embeddable":true,"href":"https:\/\/lhivernu.com\/index.php\/wp-json\/wp\/v2\/users\/4"}],"replies":[{"embeddable":true,"href":"https:\/\/lhivernu.com\/index.php\/wp-json\/wp\/v2\/comments?post=3537"}],"wp:featuredmedia":[{"embeddable":true,"href":"https:\/\/lhivernu.com\/index.php\/wp-json\/wp\/v2\/media\/3924"}],"wp:attachment":[{"href":"https:\/\/lhivernu.com\/index.php\/wp-json\/wp\/v2\/media?parent=3537"}],"wp:term":[{"taxonomy":"post_tag","embeddable":true,"href":"https:\/\/lhivernu.com\/index.php\/wp-json\/wp\/v2\/tags?post=3537"},{"taxonomy":"mec_category","embeddable":true,"href":"https:\/\/lhivernu.com\/index.php\/wp-json\/wp\/v2\/mec_category?post=3537"}],"curies":[{"name":"wp","href":"https:\/\/api.w.org\/{rel}","templated":true}]}}

<p>19&gt;23 &#8211; SEMAINE DE LA MARIONNETTE ET<br />
DES FORMES ANIMÉES.<br />
Une semaine avec la Cie 36 du mois dans la vallée du Valdonnez<br />
# 18 &gt; 22 mars. EXPOSITION VARIATIONS<br />
Installations d’oeuvres animées par des automates dans les villages du Vadonnez.<br />
Au restaurant O Bram’s à St étienne du Valdonnez, à l’école de Lanuéjols, à la salle des Fêtes et à la Bergerie<br />
de Langlade Brenoux, à Saint Bauzile. En accès libre, pour tous publics.<br />
# Sam 23 mars . Spectacle de marionnettes et banquet<br />
18H ON ÉTAIT UNE FOIS : Mélange inventif et intuitif de bricolage, de<br />
bidouille et d’informatique, cette recherche artistique vise avant tout la justesse et<br />
la pertinence du mouvement. Entre bouts de ficelle et robotique s’ouvre un champ<br />
poétique et sensible illimité.<br />
Le résultat obtenu est proche du cinéma d’animation : mais ici, pas de pixel, pas<br />
d’écran, pas de distance ni de projection ; les personnages sont “là”, la matière<br />
prend vie sous nos yeux, maintenant.<br />
Écriture, mise en scène, musique : Emmanuel Audibert, Accompagnement artistique : Mathilde Henry,<br />
Collaboration à la dramaturgie : Jennifer Lauro-Mariani, Arrangements musicaux :Gilles Stroch,<br />
Complicités : Jean-Louis Heckel, Joëlle Nogues et Sylviane Manuel<br />
Tarif Unique 6 euros. À partir de 7 ans<br />
AU PROGRAMME : . 16H. Atelier fabrique de paysage<br />
. 17h. Exposition Variation<br />
. 18h. Spectacle « On était une fois »<br />
. 20h30 Banquet (participation libre et consciente)<br />
Evénement co-accueilli avec Les scènes croisées de Lozère et l’EPCI Mont-Lozère</p>

<p>19&gt;23 &#8211; SEMAINE DE LA MARIONNETTE ET DES FORMES ANIMÉES. Une semaine avec la Cie 36 du mois dans la vallée du Valdonnez # 18 &gt; 22 mars. EXPOSITION VARIATIONS Installations d’oeuvres animées par des automates dans les villages du Vadonnez. Au restaurant O Bram’s à St étienne du Valdonnez, à l’école de Lanuéjols, à la salle des Fêtes et à la Bergerie de Langlade Brenoux, à Saint Bauzile. En accès libre, pour tous publics. # Sam 23 mars . Spectacle de marionnettes et banquet 18H ON ÉTAIT UNE FOIS : Mélange inventif et intuitif de bricolage, de bidouille et d’informatique, cette recherche artistique vise avant tout la justesse et la pertinence du mouvement. Entre bouts de ficelle et robotique s’ouvre un champ poétique et sensible illimité. Le résultat obtenu est proche du cinéma d’animation : mais ici, pas de pixel, pas d’écran, pas de distance ni de projection ; les personnages sont “là”, la matière prend vie sous nos yeux, maintenant. Écriture, mise en scène, musique : Emmanuel Audibert, Accompagnement artistique : Mathilde Henry, Collaboration à la dramaturgie : Jennifer Lauro-Mariani, Arrangements musicaux :Gilles Stroch, Complicités : Jean-Louis Heckel, Joëlle Nogues et Sylviane Manuel Tarif Unique 6 euros. À [&hellip;]</p>
