{"id":4118,"date":"2024-09-24T17:26:50","date_gmt":"2024-09-24T15:26:50","guid":{"rendered":"http:\/\/lhivernu.com\/?post_type=mec-events&#038;p=4118"},"modified":"2024-09-24T17:31:30","modified_gmt":"2024-09-24T15:31:30","slug":"rencontre-du-post-urbain","status":"publish","type":"mec-events","link":"https:\/\/lhivernu.com\/index.php\/events\/rencontre-du-post-urbain\/","title":{"rendered":"RENCONTRE DU POST-URBAIN"},"content":{"rendered":"<p>\u00c0 l&rsquo;oppos\u00e9 des politiques n\u00e9olib\u00e9rales des identit\u00e9s &#8211; qui fabriquent du divers pour mieux reproduire le m\u00eame &#8211; ou de la confiscation bourgeoise de l&rsquo;art &#8211; qui nous ampute de la culture &#8211; ces trois journ\u00e9es font le pari qu&rsquo;on peut repenser nos relations \u00e0 la nature, en cr\u00e9ant des cultures qui d\u00e9passent l&rsquo;h\u00e9g\u00e9monie urbaine et bourgeoise. S&rsquo;inspirer des traditions minoris\u00e9es dans les cultures paysannes, queer, f\u00e9ministes et d\u00e9coloniales est une mani\u00e8re pour nous d&rsquo;exp\u00e9rimenter joyeusement un premier temps autour de ces questions.<\/p>\n<p>Loin d&rsquo;en \u00e9puiser les complexit\u00e9s, il s&rsquo;agira en empruntant aux m\u00e9thodologies de l&rsquo;\u00e9ducation populaire, de questionner ce qu&rsquo;habiter veut dire, de questionner les possibilit\u00e9s d&rsquo;investir des arts paysans, des cultures des vivants tout autant que de s&rsquo;int\u00e9resser aux conditions mat\u00e9rielles des corps et sexualit\u00e9s dans le post-urbain. La Fabrique du Viala en Loz\u00e8re &#8211; qui accueillera la semaine suivante la f\u00eate de la conf\u00e9d\u00e9ration paysanne &#8211; sera le lieu o\u00f9 commencer \u00e0 d\u00e9tricoter ensemble ces questions : Comment repenser nos r\u00e9cits et exp\u00e9riences en tenant compte des perspectives rurales et subalternes ? Comment ne pas laisser aux villes le monopole de l&rsquo;art (laissant la culture aux autres), de la dissidence et des refuges possibles pour les vies subalternis\u00e9es ?<\/p>\n<p>C&rsquo;est ce que nous tenterons d&rsquo;explorer ensemble sous la forme d&rsquo;ateliers, de marches, de d\u00e9bats pique-nique, d&rsquo;ap\u00e9ro conversations et de temps plus festifs avec trois journ\u00e9es ponctu\u00e9es par des propositions artistiques en r\u00e9sonance avec ces enjeux (Concert, DJ-Set, lecture musicale, performance th\u00e9\u00e2trale, etc.).<\/p>\n<p><b>Soir\u00e9es festives d\u00e8s 19H30 \u00a0:<\/b><\/p>\n<p><strong>03\/10 \u00a0: N\u00d8S \u2013 CONCERT D\u2019\u00c9LECTRONICA AGRICOLE<\/strong><\/p>\n<p><strong>04\/10\u00a0: DJ SET \u00c9CO-QUEER DE SARAH MC<\/strong><\/p>\n<p><strong>05\/10\u00a0: Banquet d\u2019hiver &gt; d\u2019ULTRAMOULE &gt; PAR\u00a0\u00a0DON GAR\u00e7ON<\/strong><\/p>\n<p><strong>Informations et r\u00e9servations\u00a0<\/strong>: communication@lhivernu.com<\/p>\n<p>Programme complet en t\u00e9l\u00e9chargement <a href=\"https:\/\/lhivernu.com\/wp-content\/uploads\/2024\/09\/Brochure-Programme-Cultures-de-nature-Natures-de-la-culture-Lozere-octobre-2024.pdf\">ici<\/a><\/p>\n","protected":false},"excerpt":{"rendered":"<p>\u00c0 l&rsquo;oppos\u00e9 des politiques n\u00e9olib\u00e9rales des identit\u00e9s &#8211; qui fabriquent du divers pour mieux reproduire le m\u00eame &#8211; ou de la confiscation bourgeoise de l&rsquo;art &#8211; qui nous ampute de la culture &#8211; ces trois journ\u00e9es font le pari qu&rsquo;on peut repenser nos relations \u00e0 la nature, en cr\u00e9ant des cultures qui d\u00e9passent l&rsquo;h\u00e9g\u00e9monie urbaine et bourgeoise. S&rsquo;inspirer des traditions minoris\u00e9es dans les cultures paysannes, queer, f\u00e9ministes et d\u00e9coloniales est une mani\u00e8re pour nous d&rsquo;exp\u00e9rimenter joyeusement un premier temps autour de ces questions. Loin d&rsquo;en \u00e9puiser les complexit\u00e9s, il s&rsquo;agira en empruntant aux m\u00e9thodologies de l&rsquo;\u00e9ducation populaire, de questionner ce qu&rsquo;habiter veut dire, de questionner les possibilit\u00e9s d&rsquo;investir des arts paysans, des cultures des vivants tout autant que de s&rsquo;int\u00e9resser aux conditions mat\u00e9rielles des corps et sexualit\u00e9s dans le post-urbain. La Fabrique du Viala en Loz\u00e8re &#8211; qui accueillera la semaine suivante la f\u00eate de la conf\u00e9d\u00e9ration paysanne &#8211; sera le lieu o\u00f9 commencer \u00e0 d\u00e9tricoter ensemble ces questions : Comment repenser nos r\u00e9cits et exp\u00e9riences en tenant compte des perspectives rurales et subalternes ? Comment ne pas laisser aux villes le monopole de l&rsquo;art (laissant la culture aux autres), de la dissidence et des refuges possibles pour les vies [&hellip;]<\/p>\n","protected":false},"author":4,"featured_media":4119,"comment_status":"open","ping_status":"closed","template":"","tags":[],"mec_category":[41,44],"class_list":["post-4118","mec-events","type-mec-events","status-publish","has-post-thumbnail","hentry","mec_category-banquet","mec_category-evenement-a-la-fabrique"],"_links":{"self":[{"href":"https:\/\/lhivernu.com\/index.php\/wp-json\/wp\/v2\/mec-events\/4118","targetHints":{"allow":["GET"]}}],"collection":[{"href":"https:\/\/lhivernu.com\/index.php\/wp-json\/wp\/v2\/mec-events"}],"about":[{"href":"https:\/\/lhivernu.com\/index.php\/wp-json\/wp\/v2\/types\/mec-events"}],"author":[{"embeddable":true,"href":"https:\/\/lhivernu.com\/index.php\/wp-json\/wp\/v2\/users\/4"}],"replies":[{"embeddable":true,"href":"https:\/\/lhivernu.com\/index.php\/wp-json\/wp\/v2\/comments?post=4118"}],"wp:featuredmedia":[{"embeddable":true,"href":"https:\/\/lhivernu.com\/index.php\/wp-json\/wp\/v2\/media\/4119"}],"wp:attachment":[{"href":"https:\/\/lhivernu.com\/index.php\/wp-json\/wp\/v2\/media?parent=4118"}],"wp:term":[{"taxonomy":"post_tag","embeddable":true,"href":"https:\/\/lhivernu.com\/index.php\/wp-json\/wp\/v2\/tags?post=4118"},{"taxonomy":"mec_category","embeddable":true,"href":"https:\/\/lhivernu.com\/index.php\/wp-json\/wp\/v2\/mec_category?post=4118"}],"curies":[{"name":"wp","href":"https:\/\/api.w.org\/{rel}","templated":true}]}}

<p>À l&rsquo;opposé des politiques néolibérales des identités &#8211; qui fabriquent du divers pour mieux reproduire le même &#8211; ou de la confiscation bourgeoise de l&rsquo;art &#8211; qui nous ampute de la culture &#8211; ces trois journées font le pari qu&rsquo;on peut repenser nos relations à la nature, en créant des cultures qui dépassent l&rsquo;hégémonie urbaine et bourgeoise. S&rsquo;inspirer des traditions minorisées dans les cultures paysannes, queer, féministes et décoloniales est une manière pour nous d&rsquo;expérimenter joyeusement un premier temps autour de ces questions.</p>
<p>Loin d&rsquo;en épuiser les complexités, il s&rsquo;agira en empruntant aux méthodologies de l&rsquo;éducation populaire, de questionner ce qu&rsquo;habiter veut dire, de questionner les possibilités d&rsquo;investir des arts paysans, des cultures des vivants tout autant que de s&rsquo;intéresser aux conditions matérielles des corps et sexualités dans le post-urbain. La Fabrique du Viala en Lozère &#8211; qui accueillera la semaine suivante la fête de la confédération paysanne &#8211; sera le lieu où commencer à détricoter ensemble ces questions : Comment repenser nos récits et expériences en tenant compte des perspectives rurales et subalternes ? Comment ne pas laisser aux villes le monopole de l&rsquo;art (laissant la culture aux autres), de la dissidence et des refuges possibles pour les vies subalternisées ?</p>
<p>C&rsquo;est ce que nous tenterons d&rsquo;explorer ensemble sous la forme d&rsquo;ateliers, de marches, de débats pique-nique, d&rsquo;apéro conversations et de temps plus festifs avec trois journées ponctuées par des propositions artistiques en résonance avec ces enjeux (Concert, DJ-Set, lecture musicale, performance théâtrale, etc.).</p>
<p><b>Soirées festives dès 19H30  :</b></p>
<p><strong>03/10  : NØS – CONCERT D’ÉLECTRONICA AGRICOLE</strong></p>
<p><strong>04/10 : DJ SET ÉCO-QUEER DE SARAH MC</strong></p>
<p><strong>05/10 : Banquet d’hiver &gt; d’ULTRAMOULE &gt; PAR  DON GARçON</strong></p>
<p><strong>Informations et réservations </strong>: communication@lhivernu.com</p>
<p>Programme complet en téléchargement <a href="https://lhivernu.com/wp-content/uploads/2024/09/Brochure-Programme-Cultures-de-nature-Natures-de-la-culture-Lozere-octobre-2024.pdf">ici</a></p>

<p>À l&rsquo;opposé des politiques néolibérales des identités &#8211; qui fabriquent du divers pour mieux reproduire le même &#8211; ou de la confiscation bourgeoise de l&rsquo;art &#8211; qui nous ampute de la culture &#8211; ces trois journées font le pari qu&rsquo;on peut repenser nos relations à la nature, en créant des cultures qui dépassent l&rsquo;hégémonie urbaine et bourgeoise. S&rsquo;inspirer des traditions minorisées dans les cultures paysannes, queer, féministes et décoloniales est une manière pour nous d&rsquo;expérimenter joyeusement un premier temps autour de ces questions. Loin d&rsquo;en épuiser les complexités, il s&rsquo;agira en empruntant aux méthodologies de l&rsquo;éducation populaire, de questionner ce qu&rsquo;habiter veut dire, de questionner les possibilités d&rsquo;investir des arts paysans, des cultures des vivants tout autant que de s&rsquo;intéresser aux conditions matérielles des corps et sexualités dans le post-urbain. La Fabrique du Viala en Lozère &#8211; qui accueillera la semaine suivante la fête de la confédération paysanne &#8211; sera le lieu où commencer à détricoter ensemble ces questions : Comment repenser nos récits et expériences en tenant compte des perspectives rurales et subalternes ? Comment ne pas laisser aux villes le monopole de l&rsquo;art (laissant la culture aux autres), de la dissidence et des refuges possibles pour les vies [&hellip;]</p>
