{"id":4657,"date":"2025-07-09T12:24:54","date_gmt":"2025-07-09T10:24:54","guid":{"rendered":"https:\/\/lhivernu.com\/?post_type=mec-events&#038;p=4657"},"modified":"2025-07-09T12:27:09","modified_gmt":"2025-07-09T10:27:09","slug":"stage-theatre-et-performance-jouer-dans-les-bois","status":"publish","type":"mec-events","link":"https:\/\/lhivernu.com\/index.php\/events\/stage-theatre-et-performance-jouer-dans-les-bois\/","title":{"rendered":"Stage th\u00e9\u00e2tre et performance &#8211; Jouer dans les bois"},"content":{"rendered":"<p><strong>Venez participer au stage de th\u00e9\u00e2tre et performance dirig\u00e9 par Micha\u00ebl Hallouin accompagn\u00e9 de Laur\u00e9lie Riffault en ao\u00fbt \u00e0 la Fabrique du Viala.<\/strong><\/p>\n<ul>\n<li><strong>Du 14 au 18 ao\u00fbt<\/strong> \u2013 5 jours<\/li>\n<li><strong>Arriv\u00e9e<\/strong> demand\u00e9e la veille, le mercredi 13 ao\u00fbt<\/li>\n<li><strong>Fabrique du Viala \u2013 Lanu\u00e9jols (48)<\/strong><\/li>\n<li><strong>Horaires<\/strong> : de 09h30 \u00e0 18h00\u00a0 (horaires indicatifs)<\/li>\n<li><strong>Pour : <\/strong>\u00e9tudiant-es \/ professionnel-les \/ amateu-rices<\/li>\n<li><strong>Tarif<\/strong> : <strong>\u00c9tudiant-es : 220 \u20ac<\/strong> \/ <strong>Pro. et amateur-rices : 280 euros<\/strong><\/li>\n<\/ul>\n<h2>Inscription et renseignements<\/h2>\n<ul>\n<li><strong>l\u2019hiver nu :<\/strong> <a href=\"mailto:contact@lhivernu.com\" target=\"_blank\" rel=\"noreferrer noopener\">contact@lhivernu.com<\/a> \/ 04 66 45 56 47<\/li>\n<li><strong>Micha\u00ebl Hallouin <\/strong>: <a href=\"mailto:moujikaelle@protonmail.com\">moujikaelle@protonmail.com<\/a> \/ 06 89 78 23 61<\/li>\n<\/ul>\n","protected":false},"excerpt":{"rendered":"<p>Venez participer au stage de th\u00e9\u00e2tre et performance dirig\u00e9 par Micha\u00ebl Hallouin accompagn\u00e9 de Laur\u00e9lie Riffault en ao\u00fbt \u00e0 la Fabrique du Viala. Du 14 au 18 ao\u00fbt \u2013 5 jours Arriv\u00e9e demand\u00e9e la veille, le mercredi 13 ao\u00fbt Fabrique du Viala \u2013 Lanu\u00e9jols (48) Horaires : de 09h30 \u00e0 18h00\u00a0 (horaires indicatifs) Pour : \u00e9tudiant-es \/ professionnel-les \/ amateu-rices Tarif : \u00c9tudiant-es : 220 \u20ac \/ Pro. et amateur-rices : 280 euros Inscription et renseignements l\u2019hiver nu : contact@lhivernu.com \/ 04 66 45 56 47 Micha\u00ebl Hallouin : moujikaelle@protonmail.com \/ 06 89 78 23 61<\/p>\n","protected":false},"author":4,"featured_media":4574,"comment_status":"closed","ping_status":"closed","template":"","tags":[],"mec_category":[44,43],"class_list":["post-4657","mec-events","type-mec-events","status-publish","has-post-thumbnail","hentry","mec_category-evenement-a-la-fabrique","mec_category-stages"],"_links":{"self":[{"href":"https:\/\/lhivernu.com\/index.php\/wp-json\/wp\/v2\/mec-events\/4657","targetHints":{"allow":["GET"]}}],"collection":[{"href":"https:\/\/lhivernu.com\/index.php\/wp-json\/wp\/v2\/mec-events"}],"about":[{"href":"https:\/\/lhivernu.com\/index.php\/wp-json\/wp\/v2\/types\/mec-events"}],"author":[{"embeddable":true,"href":"https:\/\/lhivernu.com\/index.php\/wp-json\/wp\/v2\/users\/4"}],"replies":[{"embeddable":true,"href":"https:\/\/lhivernu.com\/index.php\/wp-json\/wp\/v2\/comments?post=4657"}],"wp:featuredmedia":[{"embeddable":true,"href":"https:\/\/lhivernu.com\/index.php\/wp-json\/wp\/v2\/media\/4574"}],"wp:attachment":[{"href":"https:\/\/lhivernu.com\/index.php\/wp-json\/wp\/v2\/media?parent=4657"}],"wp:term":[{"taxonomy":"post_tag","embeddable":true,"href":"https:\/\/lhivernu.com\/index.php\/wp-json\/wp\/v2\/tags?post=4657"},{"taxonomy":"mec_category","embeddable":true,"href":"https:\/\/lhivernu.com\/index.php\/wp-json\/wp\/v2\/mec_category?post=4657"}],"curies":[{"name":"wp","href":"https:\/\/api.w.org\/{rel}","templated":true}]}}

Stage théâtre et performance &#8211; Jouer dans les bois

<p><strong>Venez participer au stage de théâtre et performance dirigé par Michaël Hallouin accompagné de Laurélie Riffault en août à la Fabrique du Viala.</strong></p>
<ul>
<li><strong>Du 14 au 18 août</strong> – 5 jours</li>
<li><strong>Arrivée</strong> demandée la veille, le mercredi 13 août</li>
<li><strong>Fabrique du Viala – Lanuéjols (48)</strong></li>
<li><strong>Horaires</strong> : de 09h30 à 18h00  (horaires indicatifs)</li>
<li><strong>Pour : </strong>étudiant-es / professionnel-les / amateu-rices</li>
<li><strong>Tarif</strong> : <strong>Étudiant-es : 220 €</strong> / <strong>Pro. et amateur-rices : 280 euros</strong></li>
</ul>
<h2>Inscription et renseignements</h2>
<ul>
<li><strong>l’hiver nu :</strong> <a href="mailto:contact@lhivernu.com" target="_blank" rel="noreferrer noopener">contact@lhivernu.com</a> / 04 66 45 56 47</li>
<li><strong>Michaël Hallouin </strong>: <a href="mailto:moujikaelle@protonmail.com">moujikaelle@protonmail.com</a> / 06 89 78 23 61</li>
</ul>

<p>Venez participer au stage de théâtre et performance dirigé par Michaël Hallouin accompagné de Laurélie Riffault en août à la Fabrique du Viala. Du 14 au 18 août – 5 jours Arrivée demandée la veille, le mercredi 13 août Fabrique du Viala – Lanuéjols (48) Horaires : de 09h30 à 18h00  (horaires indicatifs) Pour : étudiant-es / professionnel-les / amateu-rices Tarif : Étudiant-es : 220 € / Pro. et amateur-rices : 280 euros Inscription et renseignements l’hiver nu : contact@lhivernu.com / 04 66 45 56 47 Michaël Hallouin : moujikaelle@protonmail.com / 06 89 78 23 61</p>
