{"id":4837,"date":"2025-09-26T10:40:39","date_gmt":"2025-09-26T08:40:39","guid":{"rendered":"https:\/\/lhivernu.com\/?post_type=mec-events&#038;p=4837"},"modified":"2025-09-26T10:52:32","modified_gmt":"2025-09-26T08:52:32","slug":"banquet-de-rentree-tartuffe-2","status":"publish","type":"mec-events","link":"https:\/\/lhivernu.com\/index.php\/events\/banquet-de-rentree-tartuffe-2\/","title":{"rendered":"Tourn\u00e9e Tartuffe"},"content":{"rendered":"<p>Venez voir ou revoir Tartuffe.<\/p>\n<p>Vous pouvez amenez un coup \u00e0 boire ou quelque chose \u00e0 grignoter que nous partagerons ensemble apr\u00e8s la repr\u00e9sentation.<\/p>\n","protected":false},"excerpt":{"rendered":"<p>Venez voir ou revoir Tartuffe. Vous pouvez amenez un coup \u00e0 boire ou quelque chose \u00e0 grignoter que nous partagerons ensemble apr\u00e8s la repr\u00e9sentation.<\/p>\n","protected":false},"author":4,"featured_media":4747,"comment_status":"closed","ping_status":"closed","template":"","tags":[],"mec_category":[44],"class_list":["post-4837","mec-events","type-mec-events","status-publish","has-post-thumbnail","hentry","mec_category-evenement-a-la-fabrique"],"_links":{"self":[{"href":"https:\/\/lhivernu.com\/index.php\/wp-json\/wp\/v2\/mec-events\/4837","targetHints":{"allow":["GET"]}}],"collection":[{"href":"https:\/\/lhivernu.com\/index.php\/wp-json\/wp\/v2\/mec-events"}],"about":[{"href":"https:\/\/lhivernu.com\/index.php\/wp-json\/wp\/v2\/types\/mec-events"}],"author":[{"embeddable":true,"href":"https:\/\/lhivernu.com\/index.php\/wp-json\/wp\/v2\/users\/4"}],"replies":[{"embeddable":true,"href":"https:\/\/lhivernu.com\/index.php\/wp-json\/wp\/v2\/comments?post=4837"}],"wp:featuredmedia":[{"embeddable":true,"href":"https:\/\/lhivernu.com\/index.php\/wp-json\/wp\/v2\/media\/4747"}],"wp:attachment":[{"href":"https:\/\/lhivernu.com\/index.php\/wp-json\/wp\/v2\/media?parent=4837"}],"wp:term":[{"taxonomy":"post_tag","embeddable":true,"href":"https:\/\/lhivernu.com\/index.php\/wp-json\/wp\/v2\/tags?post=4837"},{"taxonomy":"mec_category","embeddable":true,"href":"https:\/\/lhivernu.com\/index.php\/wp-json\/wp\/v2\/mec_category?post=4837"}],"curies":[{"name":"wp","href":"https:\/\/api.w.org\/{rel}","templated":true}]}}

Tournée Tartuffe

<p>Venez voir ou revoir Tartuffe.</p>
<p>Vous pouvez amenez un coup à boire ou quelque chose à grignoter que nous partagerons ensemble après la représentation.</p>

<p>Venez voir ou revoir Tartuffe. Vous pouvez amenez un coup à boire ou quelque chose à grignoter que nous partagerons ensemble après la représentation.</p>
