{"id":1269,"date":"2017-11-05T23:47:43","date_gmt":"2017-11-05T22:47:43","guid":{"rendered":"https:\/\/lhivernu.wordpress.com\/?page_id=1269"},"modified":"2024-05-21T11:38:48","modified_gmt":"2024-05-21T09:38:48","slug":"acces-libre","status":"publish","type":"page","link":"https:\/\/lhivernu.com\/index.php\/le-viala\/acces-libre\/","title":{"rendered":"Acc\u00e8s Libre 2021"},"content":{"rendered":"\n<p><span style=\"color: #000000;\"><strong><span style=\"color: #a60d0d;\">LES VENDREDI 5 ET SAMEDI 6 NOVEMBRE !<\/span><br><span style=\"color: #a60d0d;\">Carte blanche \u00e0 Barbara M\u00e9tais-Chastanier<\/span><br><\/strong><\/span><span style=\"color: #000000;\">Cette ann\u00e9e, <strong>autour de la th\u00e9matique \u00ab\u00a0\u00c0 quoi pensent les choses du monde\u00a0\u00bb et en lien avec le projet \u00ab\u00a0Les Enchev\u00eatr\u00e9.e.s\u00a0\u00bb, <\/strong>l&rsquo;\u00e9quipe de L&rsquo;hiver nu propose une carte blanche \u00e0 Barbara M\u00e9tais-Chastanier, du 1er au 7 novembre 2021.&nbsp;Les Enchev\u00eatr\u00e9.e.s est un projet artistique m\u00ealant marches et enqu\u00eates pour \u00e9laborer un <strong>r\u00e9cit des enchev\u00eatrements qui composent un paysage vivant, celui des humains et des non-humains qui y cohabitent et y collaborent.&nbsp;<\/strong>Imagin\u00e9 et construit en Corr\u00e8ze par Barbara M\u00e9tais-Chastanier au fil des chemins et des saisons, cette recherche-action associe le travail d&rsquo;illustration de Saul Pandelakis \u00e0 celui de cr\u00e9ation sonore de Sarah M\u00e9tais-Chastanier autour de l&rsquo;\u00e9laboration d&rsquo;une cartographie documentaire et participative, envisag\u00e9e comme territoire de vies, de m\u00e9moires et d&rsquo;exp\u00e9riences. C&rsquo;est au partage des langages de ces mondes en train de se faire que nous invitera cette 7\u00e8me \u00e9dition d&rsquo;Acc\u00e8s Libre. <strong>Une mani\u00e8re sensible et po\u00e9tique de faire se rencontrer th\u00e9\u00e2tre et paysage, cosmopo\u00e9tique et cosmopolitique des humains, des non-humains et des plus qu&rsquo;humains, balade sonore, punk \u00e0 chatte et gang sista rap, \u00e9co-f\u00e9minisme et \u00e9cologie queer, rien que \u00e7a !<\/strong><\/span><\/p>\n\n\n\n<div class=\"wp-block-buttons is-content-justification-center is-layout-flex wp-container-core-buttons-is-layout-a89b3969 wp-block-buttons-is-layout-flex\">\n<div class=\"wp-block-button is-style-outline is-style-outline--1\"><a class=\"wp-block-button__link has-black-color has-pale-pink-background-color has-text-color has-background has-text-align-center wp-element-button\" href=\"https:\/\/lhivernu.com\/index.php\/la-fabrique-en-images\/#Galerie-acc\u00e8s-libre-2021\">Voir les photos<\/a><\/div>\n<\/div>\n\n\n\n<p><span style=\"color: #000000;\"><strong>AU PROGRAMME<\/strong><\/span><\/p>\n\n\n\n<p><span style=\"color: #000000;\"><b>VENDREDI 5 NOVEMBRE<\/b><\/span><\/p>\n\n\n\n<p><b><\/b><span style=\"color: #000000;\"><b>Toute la soir\u00e9e &#8211; <\/b><\/span><span style=\"color: #000000;\"><span style=\"color: #a60d0d;\"><strong>Les tentes sonores (entre 3mn et 13mn par tente)<\/strong><\/span><\/span><span style=\"color: #000000;\"><span style=\"font-family: Liberation Serif, serif;\"><span style=\"font-size: medium;\"><b><br><\/b><\/span><\/span><span style=\"font-family: Liberation Serif, serif;\"><span style=\"font-size: medium;\">Partez \u00e0 la d\u00e9couverte de 6 installations sonores dans les jardins du Viala qui vous feront partager les enqu\u00eates des <i>Enchev\u00eatr\u00e9\u00b7e\u00b7<\/i><i>s.<\/i><\/span><\/span><\/span><\/p>\n\n\n\n<p><span style=\"color: #000000;\"><b>18h &#8211;<\/b> <span style=\"color: #a60d0d;\"><strong>Tant que les arbres, balade sonore (30 min)<\/strong><\/span><br><span style=\"font-family: Liberation Serif, serif;\"><span style=\"font-size: medium;\">Glissez-vous dans l&rsquo;\u00e9corce d&rsquo;un arbre, le temps d&rsquo;une promenade nocturne entre chemin et for\u00eat.<br><i>D\u00e9part toutes les 15 minutes, par petits groupes<br>Pr\u00e9voir une tenue chaude, des chaussures de marche et une lampe de poche<\/i><\/span><\/span><\/span><\/p>\n\n\n\n<p><span style=\"color: #000000;\"><b>19h30 &#8211;<\/b> <span style=\"color: #a60d0d;\"><strong>Le Bond Sourd de la B\u00eate F\u00e9roce (titre provisoire) &#8211; Lecture<\/strong><\/span><\/span><span style=\"color: #000000;\"><span style=\"font-family: Liberation Serif, serif;\"><span style=\"font-size: medium;\"><b><br><\/b>Le Bond Sourd\u2026 est une com\u00e9die pour un acteur, en cours d\u2019\u00e9criture. Le p\u00e9trole y est une obsession qui conduit \u00e0 une demi-folie. On ne s&rsquo;en sort pas, on tente de se d\u00e9sintoxiquer, de se d\u00e9senvo\u00fbter avec perte et fracas. <\/span><\/span><span style=\"font-family: Liberation Serif, serif;\"><span style=\"font-size: medium;\">Il y est question d&rsquo;\u00e9nergies fossiles, de polyt\u00e9trafluoro\u00e9thyl\u00e8ne et de chevalerie.<br><\/span><\/span><span style=\"font-family: Liberation Serif, serif;\"><span style=\"font-size: medium;\"><i><b>De et par Micha\u00ebl Hallouin<br><\/b><\/i><\/span><\/span><\/span><br><span style=\"color: #000000;\"><b>20h30 &#8211;<\/b><strong><span style=\"color: #a60d0d;\"> Propositions autour de \u00ab\u00a0Dialogues de plantes\u00a0\u00bb<\/span><br><\/strong><span style=\"font-family: Liberation Serif, serif;\"><span style=\"font-size: medium;\">Et si les \u00eatres vivants humains et non humains se mettaient \u00e0 dialoguer, ne serait-ce que le temps d\u2019une repr\u00e9sentation impromptue ? Formes performatives pour com\u00e9dien.ne.s, objets et marionnettes, les Dialogues de plantes poursuivent la recherche de l\u2019hiver nu autour de la pens\u00e9e des milieux.<\/span><\/span><strong><span style=\"font-family: Liberation Serif, serif;\"><span style=\"font-size: medium;\"><br><i><b>De et par Claire Perraudeau et Baptiste Etard<\/b><\/i><\/span><\/span><br><\/strong><\/span><\/p>\n\n\n\n<p><span style=\"color: #000000;\"><b>21h &#8211;<\/b><strong><span style=\"color: #a60d0d;\"> L&rsquo;Enfant muette, conte musical (30min)<\/span><br><\/strong><\/span><span style=\"color: #000000;\"><span style=\"font-family: Liberation Serif, serif;\"><span style=\"font-size: medium;\">Conte&nbsp;initiatique&nbsp;et fable \u00e9cologique,&nbsp;L&rsquo;enfant&nbsp;muette&nbsp;est une lecture musicale \u00e0 2 voix, pour petits et grands \u00e0 partir de 10 ans.<br><\/span><\/span><span style=\"font-family: Liberation Serif, serif;\"><span style=\"font-size: medium;\"><i><b>Avec<\/b><\/i><\/span><\/span><span style=\"font-family: Liberation Serif, serif;\"><span style=\"font-size: medium;\"><i><b> Barbara et Sarah M\u00e9tais-Chastanier<\/b><\/i><\/span><\/span><\/span><\/p>\n\n\n\n<p><i><b><\/b><\/i><span style=\"color: #000000;\"><b>21h30 &#8211; <\/b><span style=\"color: #a60d0d;\"><strong>Rituel autour du feu<\/strong><\/span><\/span><\/p>\n\n\n\n<p><span style=\"color: #000000;\"><i>Restauration l\u00e9g\u00e8re et buvette associative&nbsp;<\/i><\/span><\/p>\n\n\n\n<p><span style=\"color: #000000;\"><b>SAMEDI 6 NOVEMBRE<\/b><\/span><\/p>\n\n\n\n<p><b>Toute la soir\u00e9e &#8211; <span style=\"color: #a60d0d;\"><strong>Les tentes sonores (entre 3mn et 13mn par tente)<\/strong><\/span><span style=\"font-family: Liberation Serif, serif;\"><span style=\"font-size: medium;\"><br><\/span><\/span><\/b><span style=\"font-family: Liberation Serif, serif;\"><span style=\"font-size: medium;\">Partez \u00e0 la d\u00e9couverte de 6 installations sonores dans les jardins du Viala qui vous feront partager les enqu\u00eates des <i>Enchev\u00eatr\u00e9\u00b7e\u00b7<\/i><i>s.<\/i><\/span><\/span><b><br><\/b><\/p>\n\n\n\n<p><i><\/i><span style=\"color: #000000;\"><b>14h &#8211; <span style=\"color: #a60d0d;\">R<\/span><\/b><strong><span style=\"color: #a60d0d;\">endez-vous pour le caf\u00e9<\/span><br><\/strong><\/span><br><span style=\"color: #000000;\"><b>14h30<\/b><strong> &#8211; <span style=\"color: #a60d0d;\">Transcoder &#8211; Lecture musicale de d\u00e9construction-reconstruction du sujet Femme\u00ae (30min)<\/span><\/strong><\/span><span style=\"color: #000000;\"><span style=\"font-family: Liberation Serif, serif;\"><span style=\"font-size: medium;\"><b><br><\/b><\/span><\/span><\/span><span style=\"font-family: 'Liberation Serif', serif; color: #000000;\"><span style=\"font-size: medium;\">\u00ab\u00a0\u00c0 seize ans tu prends la pilule contraceptive tu deviens pour la premi\u00e8re fois une femme du XXe&nbsp;si\u00e8cle une production biomol\u00e9culaire coupl\u00e9e \u00e0 une jolie fiction s\u00e9mantique hormonalement modifi\u00e9e tu perp\u00e9tues tr\u00e8s bien l\u2019illusion des lois naturelles\u00a0\u00bb<br><i><b>A<\/b><\/i><i><b>vec&nbsp;Barbara et Sarah M\u00e9tais-Chastanier<\/b><\/i><\/span><\/span><\/p>\n\n\n\n<p><i><b><\/b><\/i><span style=\"color: #000000;\"><b>15h &#8211;<\/b><span style=\"color: #a60d0d;\"><strong> La S\u00e9quence Aardtman &#8211; Lecture du roman de Saul Pandelakis (30min)<\/strong><\/span><span style=\"font-family: 'Liberation Serif', serif; color: #000000;\"><span style=\"font-size: medium;\"><b><br><\/b><\/span><\/span><span style=\"font-family: Liberation Serif, serif;\"><span style=\"font-size: medium;\">En 2131, les humains disparaissent lentement, tandis que leurs inventions, les bots, sont de plus en plus nombreux. Certains s&rsquo;essaient \u00e0 terraformer des plan\u00e8tes&#8230; tandis que d&rsquo;autres s&#8217;emploient, sur Terre, \u00e0 habiter un monde peut-\u00eatre pas si mauvais.<br><\/span><\/span><span style=\"font-family: Liberation Serif, serif;\"><span style=\"font-size: medium;\"><i><b>A<\/b><\/i><\/span><\/span><span style=\"font-family: Liberation Serif, serif;\"><span style=\"font-size: medium;\"><i><b>vec Saul Pandelakis et Barbara M\u00e9tais-Chastanier<\/b><\/i><\/span><\/span><\/span><\/p>\n\n\n\n<p><i><b><\/b><\/i><span style=\"color: #000000;\"><b>16h &#8211; <\/b><span style=\"color: #a60d0d;\"><strong>Une apr\u00e8s-midi au th\u00e9\u00e2tre, pour les enfants de 4 \u00e0 13 ans<\/strong><\/span><br><span style=\"font-family: Liberation Serif, serif;\"><span style=\"font-size: medium;\"><i><b>A<\/b><\/i><\/span><\/span><span style=\"font-family: Liberation Serif, serif;\"><span style=\"font-size: medium;\"><i><b>vec Nathalie Massenet<br><\/b><\/i><\/span><\/span><\/span><br><span style=\"color: #000000;\"><b>18h &#8211; <span style=\"color: #a60d0d;\"><strong>Tant que les arbres, balade sonore (30 min)<\/strong><\/span><br><\/b><span style=\"font-family: Liberation Serif, serif;\"><span style=\"font-size: medium;\">Glissez-vous dans l&rsquo;\u00e9corce d&rsquo;un arbre, le temps d&rsquo;une promenade nocturne entre chemin et for\u00eat.<\/span><\/span><b><span style=\"font-family: Liberation Serif, serif;\"><span style=\"font-size: medium;\"><br><\/span><\/span><\/b><span style=\"font-family: Liberation Serif, serif;\"><span style=\"font-size: medium;\"><i>D\u00e9part toutes les 15 minutes, par petits groupes<br>Pr\u00e9voir une tenue chaude, des chaussures de marche et une lampe de poche<br><\/i><\/span><\/span><\/span><br><span style=\"color: #000000;\"><b>20h3<\/b><strong>0 &#8211; <span style=\"color: #a60d0d;\">Banquet \u00e0 prix libre<\/span><br><\/strong><\/span><span style=\"color: #000000;\"><span style=\"font-family: Liberation Serif, serif;\"><span style=\"font-size: medium;\">Vous \u00eates bienvenus pour la pluche et la cuisine dans l&rsquo;apr\u00e8s-midi !<br><\/span><\/span><\/span><br><span style=\"color: #000000;\"><b>22h &#8211;<\/b> <strong><span style=\"color: #a60d0d;\">Ultramoule, concert \u00e9lectro-punk f\u00e9ministe<\/span><br><\/strong><\/span><span style=\"font-family: 'Liberation Serif', serif; color: #000000;\"><span style=\"font-size: medium;\">Trio de punk \u00e0 chatte et gangsista rap : une bo\u00eete \u00e0 rythme, un violon et un violoncelle \u00e9lectriques aux riffs obsc\u00e8nes, des punchlines \u00e0 t\u2019en faire vriller le cervelet\u2026 Pas de doute, \u00e7a va bouger ton boule !<br><\/span><\/span><br><span style=\"color: #000000;\"><b>23h45 &#8211;<\/b>&nbsp;<strong><span style=\"color: #a60d0d;\">DJ set \u00e9co-f\u00e9ministe<\/span><br><\/strong><\/span><span style=\"color: #000000;\"><span style=\"font-family: Liberation Serif, serif;\"><span style=\"font-size: medium;\">Pour conclure chaudement la soir\u00e9e, Sarah&nbsp;MC&nbsp;te propose un set \u00e9cof\u00e9ministe qui balance du queer et qui&nbsp;envoie du bois.<b><\/b><i><b><br>A<\/b><\/i><\/span><\/span><span style=\"font-family: Liberation Serif, serif;\"><span style=\"font-size: medium;\"><i><b>vec Sarah M\u00e9tais-Chastanier<br><\/b><\/i><\/span><\/span><\/span><br><span style=\"color: #000000;\"><i>Banquet \u00e0 prix libre et buvette associative<\/i><\/span><\/p>\n\n\n\n<p><span style=\"color: #000000;\"><b>Distribution Acc\u00e8s Libre 2021 : <\/b>Barbara M\u00e9tais-Chastanier, Sarah M\u00e9tais-Chastanier, Saul Pandelakis, Micha\u00ebl Hallouin l\u2019\u00e9quipe de L\u2019hiver nu<\/span><br><span style=\"color: #000000;\"><b>Avec le soutien : <\/b>DRAC Occitanie, DRJSCS Occitanie, R\u00e9gion Occitanie, D\u00e9partement de la Loz\u00e8re, Commune de Lanu\u00e9jols, Commune de Brenoux<\/span><\/p>\n\n\n\n<p><span style=\"color: #000000;\">R\u00e9sidence et carte blanche co-accueillies avec les Sc\u00e8nes Crois\u00e9es de Loz\u00e8re et l\u2019EPCI Mont-Loz\u00e8re<\/span><\/p>\n\n\n\n<figure class=\"wp-block-image alignnone size-large wp-image-2646\"><img fetchpriority=\"high\" decoding=\"async\" width=\"1024\" height=\"715\" src=\"https:\/\/lhivernu.com\/wp-content\/uploads\/2021\/11\/NCHVTRS_carte-melange-1-vivien-1024x715.png\" alt=\"\" class=\"wp-image-2646\" srcset=\"https:\/\/lhivernu.com\/wp-content\/uploads\/2021\/11\/NCHVTRS_carte-melange-1-vivien-1024x715.png 1024w, https:\/\/lhivernu.com\/wp-content\/uploads\/2021\/11\/NCHVTRS_carte-melange-1-vivien-300x210.png 300w, https:\/\/lhivernu.com\/wp-content\/uploads\/2021\/11\/NCHVTRS_carte-melange-1-vivien-768x536.png 768w, https:\/\/lhivernu.com\/wp-content\/uploads\/2021\/11\/NCHVTRS_carte-melange-1-vivien-1536x1073.png 1536w, https:\/\/lhivernu.com\/wp-content\/uploads\/2021\/11\/NCHVTRS_carte-melange-1-vivien-830x580.png 830w, https:\/\/lhivernu.com\/wp-content\/uploads\/2021\/11\/NCHVTRS_carte-melange-1-vivien-230x161.png 230w, https:\/\/lhivernu.com\/wp-content\/uploads\/2021\/11\/NCHVTRS_carte-melange-1-vivien-350x244.png 350w, https:\/\/lhivernu.com\/wp-content\/uploads\/2021\/11\/NCHVTRS_carte-melange-1-vivien-480x335.png 480w, https:\/\/lhivernu.com\/wp-content\/uploads\/2021\/11\/NCHVTRS_carte-melange-1-vivien.png 1800w\" sizes=\"(max-width: 1024px) 100vw, 1024px\" \/><figcaption class=\"wp-element-caption\"><em>Saul Pandelakis<\/em><\/figcaption><\/figure>\n\n\n\n<div class=\"wp-block-buttons is-layout-flex wp-block-buttons-is-layout-flex\"><\/div>\n","protected":false},"excerpt":{"rendered":"<p>LES VENDREDI 5 ET SAMEDI 6 NOVEMBRE !Carte blanche \u00e0 Barbara M\u00e9tais-ChastanierCette ann\u00e9e, autour de la th\u00e9matique \u00ab\u00a0\u00c0 quoi pensent les choses du monde\u00a0\u00bb et en lien avec le projet \u00ab\u00a0Les Enchev\u00eatr\u00e9.e.s\u00a0\u00bb, l&rsquo;\u00e9quipe de L&rsquo;hiver nu propose une carte blanche \u00e0 Barbara M\u00e9tais-Chastanier, du 1er au 7 novembre 2021.&nbsp;Les Enchev\u00eatr\u00e9.e.s est un projet artistique m\u00ealant marches et enqu\u00eates pour \u00e9laborer un r\u00e9cit des enchev\u00eatrements qui composent un paysage vivant, celui des humains et des non-humains qui y cohabitent et y collaborent.&nbsp;Imagin\u00e9 et construit en Corr\u00e8ze par Barbara M\u00e9tais-Chastanier au fil des chemins et des saisons, cette recherche-action associe le travail d&rsquo;illustration de Saul Pandelakis \u00e0 celui de cr\u00e9ation sonore de Sarah M\u00e9tais-Chastanier autour de l&rsquo;\u00e9laboration d&rsquo;une cartographie documentaire et participative, envisag\u00e9e comme territoire de vies, de m\u00e9moires et d&rsquo;exp\u00e9riences. C&rsquo;est au partage des langages de ces mondes en train de se faire que nous invitera cette 7\u00e8me \u00e9dition d&rsquo;Acc\u00e8s Libre. Une mani\u00e8re sensible et po\u00e9tique de faire se rencontrer th\u00e9\u00e2tre et paysage, cosmopo\u00e9tique et cosmopolitique des humains, des non-humains et des plus qu&rsquo;humains, balade sonore, punk \u00e0 chatte et gang sista rap, \u00e9co-f\u00e9minisme et \u00e9cologie queer, rien que \u00e7a ! AU PROGRAMME VENDREDI 5 NOVEMBRE Toute la soir\u00e9e &#8211; Les [&hellip;]<\/p>\n","protected":false},"author":1,"featured_media":2644,"parent":133,"menu_order":0,"comment_status":"closed","ping_status":"closed","template":"","meta":{"_themeisle_gutenberg_block_has_review":false,"footnotes":""},"class_list":["post-1269","page","type-page","status-publish","has-post-thumbnail","hentry"],"_links":{"self":[{"href":"https:\/\/lhivernu.com\/index.php\/wp-json\/wp\/v2\/pages\/1269","targetHints":{"allow":["GET"]}}],"collection":[{"href":"https:\/\/lhivernu.com\/index.php\/wp-json\/wp\/v2\/pages"}],"about":[{"href":"https:\/\/lhivernu.com\/index.php\/wp-json\/wp\/v2\/types\/page"}],"author":[{"embeddable":true,"href":"https:\/\/lhivernu.com\/index.php\/wp-json\/wp\/v2\/users\/1"}],"replies":[{"embeddable":true,"href":"https:\/\/lhivernu.com\/index.php\/wp-json\/wp\/v2\/comments?post=1269"}],"version-history":[{"count":29,"href":"https:\/\/lhivernu.com\/index.php\/wp-json\/wp\/v2\/pages\/1269\/revisions"}],"predecessor-version":[{"id":3739,"href":"https:\/\/lhivernu.com\/index.php\/wp-json\/wp\/v2\/pages\/1269\/revisions\/3739"}],"up":[{"embeddable":true,"href":"https:\/\/lhivernu.com\/index.php\/wp-json\/wp\/v2\/pages\/133"}],"wp:featuredmedia":[{"embeddable":true,"href":"https:\/\/lhivernu.com\/index.php\/wp-json\/wp\/v2\/media\/2644"}],"wp:attachment":[{"href":"https:\/\/lhivernu.com\/index.php\/wp-json\/wp\/v2\/media?parent=1269"}],"curies":[{"name":"wp","href":"https:\/\/api.w.org\/{rel}","templated":true}]}}