{"id":1789,"date":"2019-01-31T11:40:28","date_gmt":"2019-01-31T10:40:28","guid":{"rendered":"http:\/\/lhivernu.com\/?page_id=1789"},"modified":"2025-12-11T12:27:43","modified_gmt":"2025-12-11T11:27:43","slug":"les-artistes","status":"publish","type":"page","link":"https:\/\/lhivernu.com\/index.php\/les-artistes\/","title":{"rendered":"L&rsquo;\u00e9quipe"},"content":{"rendered":"\t\t<div data-elementor-type=\"wp-page\" data-elementor-id=\"1789\" class=\"elementor elementor-1789\">\n\t\t\t\t\t\t<section class=\"elementor-section elementor-top-section elementor-element elementor-element-c8fe419 elementor-section-boxed elementor-section-height-default elementor-section-height-default\" data-id=\"c8fe419\" data-element_type=\"section\" data-e-type=\"section\">\n\t\t\t\t\t\t<div class=\"elementor-container elementor-column-gap-default\">\n\t\t\t\t\t<div class=\"elementor-column elementor-col-100 elementor-top-column elementor-element elementor-element-51641d94\" data-id=\"51641d94\" data-element_type=\"column\" data-e-type=\"column\">\n\t\t\t<div class=\"elementor-widget-wrap elementor-element-populated\">\n\t\t\t\t\t\t<div class=\"elementor-element elementor-element-57a24d00 elementor-widget elementor-widget-text-editor\" data-id=\"57a24d00\" data-element_type=\"widget\" data-e-type=\"widget\" data-widget_type=\"text-editor.default\">\n\t\t\t\t<div class=\"elementor-widget-container\">\n\t\t\t\t\t\t\t\t\t<p style=\"text-align: justify;\"><strong>Claire Perraudeau &#8211; com\u00e9dienne, metteur en sc\u00e8ne<\/strong><\/p><p style=\"text-align: justify;\"><strong><img decoding=\"async\" class=\"wp-image-1792 alignleft\" src=\"https:\/\/lhivernu.com\/wp-content\/uploads\/2019\/01\/photo-claire.jpg\" alt=\"\" width=\"180\" height=\"221\" \/><\/strong><br \/>Elle s\u2019est form\u00e9e \u00e0 l\u2019\u00c9cole Le Samovar de 1997 \u00e0 2000.<br \/>De 2000 \u00e0 2006, elle travaille avec Catherine Dubois au sein de sa compagnie en th\u00e9\u00e2tre gestuel. Elle travaille r\u00e9guli\u00e8rement \u00e0 Rennes avec Gweltaz Chauvir\u00e9 et Sylvain Levey (Cie Felmur) ainsi que Marie Bout de la Cie Zusvex. En 2006, elle s\u2019investit dans la mise en place du lieu La NEF-Manufacture d\u2019utopie au cot\u00e9 de J-L Heckel \u00e0 Pantin.<br \/>Elle participe alors aux cr\u00e9ations de la compagnie en tant qu\u2019actrice et marionnettiste.<br \/>En mars 2007, elle cr\u00e9e la <strong>Cie l\u2019Hiver Nu<\/strong>, et joue en solo <em>J\u2019ai march\u00e9 sous les pierres<\/em>, feuilleton de th\u00e9\u00e2tre chez l\u2019habitant en 9 opus, mis en sc\u00e8ne par Baptiste Etard, \u00e9crit par M.Auriol, P.Griselin, S.Levey et Y.Le Nagard.<br \/>Avec la compagnie l\u2019Hiver Nu, en parall\u00e8le de la mise en place d\u2019un lieu Compagnie (Le Viala), elle con\u00e7oit et interpr\u00e8te <em>OEdipe sur la route<\/em> et <em>Antigone<\/em>, d\u2019apr\u00e8s les romans d\u2019H.Bauchau (2010) Morituri de P.Malone (2011).<br \/>En 2013, elle int\u00e8gre l\u2019\u00e9quipe de Sylvain Creuzevault pour les r\u00e9p\u00e9titions du Capital. Mai 2014, elle quitte le<br \/>projet du Capital, et met en sc\u00e8ne avec la Cie l\u2019Hiver nu <em>Toute la joie possible des Apaches<\/em> (cr\u00e9ation 2016), puis<br \/><em>Souliers de Sable<\/em> de Suzanne Lebeau (cr\u00e9ation 2017), solo d\u2019ombres et marionnettes.<br \/>En 2017, avec la compagnie \/\/ Interstices et Marie Lamach\u00e8re elle joue dans <em>les Festins<\/em>.<br \/>En 2018, elle co\u00e9crit et joue dans <em>Un pas au milieu des dragons<\/em> (Cie l&rsquo;Hiver Nu).<\/p><p style=\"text-align: justify;\"><strong>Baptiste Etard &#8211; sc\u00e9nographe, com\u00e9dien, metteur en sc\u00e8ne<img fetchpriority=\"high\" decoding=\"async\" class=\"size-full wp-image-1791 alignright\" src=\"https:\/\/lhivernu.com\/wp-content\/uploads\/2019\/01\/photo-baptiste.jpg\" alt=\"\" width=\"210\" height=\"285\" \/><br \/><\/strong><\/p><p style=\"text-align: justify;\">Il se forme comme com\u00e9dien au Samovar de 1999 \u00e0 2001. Il est alors interpr\u00e8te de th\u00e9\u00e2tre gestuel pour diff\u00e9rentes compagnies. En 2004, il reprend une formation en tant qu\u2019acteur et sc\u00e9nographe avec le Styx th\u00e9\u00e2tre et Serge Noyelle (Chatillon Montrouge). Il int\u00e8gre la compagnie sur plusieurs cr\u00e9ations en rue et en salle : <em>Le Labyrinthe<\/em>,<em> One Day 49<\/em>, et <em>Le Cabaret Nono<\/em>, de 2005 \u00e0 2006. Il participe \u00e0 la cr\u00e9ation de <em>\u00d4 ciel la procr\u00e9ation est plus <\/em><em>ais\u00e9e que l\u2019\u00e9ducation<\/em> de Sylvain Levey mis en sc\u00e8ne par Marie Bout pour la Cie Suzvex.<br \/>En 2006, il s\u2019investit dans le projet de la Cie La N.E.F, dirig\u00e9 par J-L Heckel, en tant que collaborateur pour la mise en place du lieu de r\u00e9sidence et comme com\u00e9dien.<br \/>Il participe avec Claire Perraudeau \u00e0 la cr\u00e9ation de <em>J\u2019ai march\u00e9 sous les pierres<\/em>, feuilleton th\u00e9\u00e2tral en 9 Opus. Il y assume la mise en sc\u00e8ne des 9 spectacles tout au long de l\u2019ann\u00e9e 2008.<br \/>Toujours pour la Cie L\u2019hiver Nu, il met en sc\u00e8ne <em>Oedipe sur la route<\/em> et <em>Antigone,<\/em> d\u2019apr\u00e8s les romans d\u2019Henry Bauchau puis Morituri de Philippe Malone.<br \/>Il cr\u00e9e le lieu Compagnie (L\u2019atelier du viala) en 2010.<br \/>En 2013, il int\u00e8gre l\u2019\u00e9quipe de Sylvain Creuzevault pour les r\u00e9p\u00e9titions du Capital. Mai 2014, il quitte le projet du<br \/>Capital, et pr\u00e9pare avec la Cie l\u2019Hiver Nu Toute la joie Possible des Apaches, spectacle pour lequel il est sc\u00e9nographe et interpr\u00e8te.<br \/>En 2016 il signe la sc\u00e9nographie de l\u2019<em>\u00d4tre Belle<\/em>, duo gestuel et clownesque (Cie In Extenso) puis en mars 2017<br \/>celle de <em>Souliers de Sable<\/em> pour la Cie l\u2019Hiver Nu.<br \/>Il joue pour la cie \/\/ Interstices dans <em>Les Festins.<\/em><br \/>En 2018 il co\u00e9crit et met en sc\u00e8ne <em>Un pas au milieu des dragons<\/em>.<\/p>\t\t\t\t\t\t\t\t<\/div>\n\t\t\t\t<\/div>\n\t\t\t\t\t<\/div>\n\t\t<\/div>\n\t\t\t\t\t<\/div>\n\t\t<\/section>\n\t\t\t\t<\/div>\n\t\t","protected":false},"excerpt":{"rendered":"<p>Claire Perraudeau &#8211; com\u00e9dienne, metteur en sc\u00e8ne Elle s\u2019est form\u00e9e \u00e0 l\u2019\u00c9cole Le Samovar de 1997 \u00e0 2000. De 2000 \u00e0 2006, elle travaille avec Catherine Dubois au sein de sa compagnie en th\u00e9\u00e2tre gestuel. Elle travaille r\u00e9guli\u00e8rement \u00e0 Rennes avec Gweltaz Chauvir\u00e9 et Sylvain Levey (Cie Felmur) ainsi que Marie Bout de la Cie Zusvex. En 2006, elle s\u2019investit dans la mise en place du lieu La NEF-Manufacture d\u2019utopie au cot\u00e9 de J-L Heckel \u00e0 Pantin. Elle participe alors aux cr\u00e9ations de la compagnie en tant qu\u2019actrice et marionnettiste. En mars 2007, elle cr\u00e9e la Cie l\u2019Hiver Nu, et joue en solo J\u2019ai march\u00e9 sous les pierres, feuilleton de th\u00e9\u00e2tre chez l\u2019habitant en 9 opus, mis en sc\u00e8ne par Baptiste Etard, \u00e9crit par M.Auriol, P.Griselin, S.Levey et Y.Le Nagard. Avec la compagnie l\u2019Hiver Nu, en parall\u00e8le de la mise en place d\u2019un lieu Compagnie (Le Viala), elle con\u00e7oit et interpr\u00e8te OEdipe sur la route et Antigone, d\u2019apr\u00e8s les romans d\u2019H.Bauchau (2010) Morituri de P.Malone (2011). En 2013, elle int\u00e8gre l\u2019\u00e9quipe de Sylvain Creuzevault pour les r\u00e9p\u00e9titions du Capital. Mai 2014, elle quitte le projet du Capital, et met en sc\u00e8ne avec la Cie l\u2019Hiver nu Toute la joie possible [&hellip;]<\/p>\n","protected":false},"author":3,"featured_media":0,"parent":0,"menu_order":0,"comment_status":"closed","ping_status":"closed","template":"","meta":{"_themeisle_gutenberg_block_has_review":false,"footnotes":""},"class_list":["post-1789","page","type-page","status-publish","hentry"],"_links":{"self":[{"href":"https:\/\/lhivernu.com\/index.php\/wp-json\/wp\/v2\/pages\/1789","targetHints":{"allow":["GET"]}}],"collection":[{"href":"https:\/\/lhivernu.com\/index.php\/wp-json\/wp\/v2\/pages"}],"about":[{"href":"https:\/\/lhivernu.com\/index.php\/wp-json\/wp\/v2\/types\/page"}],"author":[{"embeddable":true,"href":"https:\/\/lhivernu.com\/index.php\/wp-json\/wp\/v2\/users\/3"}],"replies":[{"embeddable":true,"href":"https:\/\/lhivernu.com\/index.php\/wp-json\/wp\/v2\/comments?post=1789"}],"version-history":[{"count":6,"href":"https:\/\/lhivernu.com\/index.php\/wp-json\/wp\/v2\/pages\/1789\/revisions"}],"predecessor-version":[{"id":5086,"href":"https:\/\/lhivernu.com\/index.php\/wp-json\/wp\/v2\/pages\/1789\/revisions\/5086"}],"wp:attachment":[{"href":"https:\/\/lhivernu.com\/index.php\/wp-json\/wp\/v2\/media?parent=1789"}],"curies":[{"name":"wp","href":"https:\/\/api.w.org\/{rel}","templated":true}]}}