{"id":182,"date":"2016-09-19T20:27:14","date_gmt":"2016-09-19T19:27:14","guid":{"rendered":"https:\/\/lhivernu.wordpress.com\/?page_id=182"},"modified":"2025-03-24T14:15:51","modified_gmt":"2025-03-24T13:15:51","slug":"atelier-et-formation","status":"publish","type":"page","link":"https:\/\/lhivernu.com\/index.php\/le-viala\/atelier-et-formation\/","title":{"rendered":"Ateliers et formations"},"content":{"rendered":"<h4 style=\"text-align: left;\"><strong>Ateliers<br \/>\n<\/strong><\/h4>\n<p><strong>ATELIER TH\u00c9\u00c2TRE ENFANTS<br \/>\nPour les 6 &#8211; 11 ans<br \/>\n<\/strong>Un atelier th\u00e9\u00e2tre, c&rsquo;est avant tout d\u00e9couvrir le plaisir de jouer avec les mots, les \u00e9motions, les autres, l&rsquo;espace, le public. Chaque s\u00e9ance est compos\u00e9e de jeux, d&rsquo;improvisations et de la r\u00e9p\u00e9tition de sc\u00e8nes de th\u00e9\u00e2tre.<\/p>\n<p>Cr\u00e9ation d&rsquo;une pi\u00e8ce de th\u00e9\u00e2tre et repr\u00e9sentations \u00e0 la fin de l&rsquo;ann\u00e9e le 19 mai.<\/p>\n<p><strong>&gt; Mardi de 17h30 \u00e0 18h45, au Foyer rural Langlade-Brenoux<br \/>\n<\/strong>Inscriptions aupr\u00e8s du Foyer rural : <strong>04 66 48 00 19<\/strong><\/p>\n<p><strong>ATELIER TH\u00c9\u00c2TRE ADULTES<\/strong><br \/>\n<strong>\u00c0 partir de 16 ans<br \/>\n<\/strong>Cr\u00e9ation d&rsquo;une pi\u00e8ce de th\u00e9\u00e2tre et repr\u00e9sentations \u00e0 la fin de l&rsquo;ann\u00e9e.<\/p>\n<p><strong>&gt; Mardi de 20h \u00e0 22h &amp; quelques week-ends, \u00e0 la Fabrique du Viala<br \/>\n<\/strong>Organis\u00e9 avec le foyer rural Langlade &#8211; Brenoux<br \/>\nInscriptions aupr\u00e8s du Foyer rural : <strong>04 66 48 00 19<\/strong><\/p>\n<p><strong>UNE APR\u00c8S-MIDI AU TH\u00c9\u00c2TRE<\/strong><br \/>\n<strong>Pour les enfants (autoris\u00e9 aux parents)<\/strong><\/p>\n<p>Ateliers de cr\u00e9ation manuelle men\u00e9 par Nathalie Massenet.<\/p>\n<p><strong>1 samedi par mois de 16h \u00e0 18h \u00e0 la Fabrique du Viala<\/strong><br \/>\n<strong>&gt; Plus d&rsquo;information dans la rubrique BANQUET<\/strong><\/p>\n<p style=\"text-align: left;\"><strong>Renseignements et inscriptions<br \/>\nau 04 66 45 56 47 \/ contact@lhivernu.com<\/strong><\/p>\n<p>La compagnie intervient \u00e9galement dans diff\u00e9rents \u00e9tablissements scolaires en Loz\u00e8re<\/p>\n<h4 style=\"text-align: left;\"><strong>Stages \u00e0 la Fabrique du Viala<\/strong><\/h4>\n<p><strong>STAGE DE TH\u00c9\u00c2TRE ADOS<br \/>\n<\/strong><\/p>\n<p>Pour d\u00e9couvrir, exp\u00e9rimenter et s&rsquo;amuser sur un plateau de th\u00e9\u00e2tre.\u00a0<strong>Avec L&rsquo;hiver nu<\/strong><\/p>\n<p><strong>&gt; Prochain stage \u00e0 retrouver sur la page <a href=\"https:\/\/lhivernu.com\/index.php\/actualites\/\">SAISON<\/a> et pour plus d&rsquo;information \u00e9crivez-nous.<\/strong><\/p>\n<p><strong style=\"font-family: var( --e-global-typography-text-font-family ), Sans-serif; color: #ff6600;\">STAGE DE CLOWN<\/strong><\/p>\n<p>La compagnie accueil quelques fois des stages de clown propos\u00e9s par des artistes d&rsquo;autres structures.<\/p>\n<p><strong>&gt; Prochain stage \u00e0 retrouver sur la page <a href=\"https:\/\/lhivernu.com\/index.php\/actualites\/\">SAISON<\/a> et pour plus d&rsquo;information \u00e9crivez-nous.<\/strong><\/p>\n<p><strong>Renseignements et inscriptions<br \/>\nau 04 66 45 56 47 \/ communication@lhivernu.com<\/strong><\/p>\n","protected":false},"excerpt":{"rendered":"<p>Ateliers ATELIER TH\u00c9\u00c2TRE ENFANTS Pour les 6 &#8211; 11 ans Un atelier th\u00e9\u00e2tre, c&rsquo;est avant tout d\u00e9couvrir le plaisir de jouer avec les mots, les \u00e9motions, les autres, l&rsquo;espace, le public. Chaque s\u00e9ance est compos\u00e9e de jeux, d&rsquo;improvisations et de la r\u00e9p\u00e9tition de sc\u00e8nes de th\u00e9\u00e2tre. Cr\u00e9ation d&rsquo;une pi\u00e8ce de th\u00e9\u00e2tre et repr\u00e9sentations \u00e0 la fin de l&rsquo;ann\u00e9e le 19 mai. &gt; Mardi de 17h30 \u00e0 18h45, au Foyer rural Langlade-Brenoux Inscriptions aupr\u00e8s du Foyer rural : 04 66 48 00 19 ATELIER TH\u00c9\u00c2TRE ADULTES \u00c0 partir de 16 ans Cr\u00e9ation d&rsquo;une pi\u00e8ce de th\u00e9\u00e2tre et repr\u00e9sentations \u00e0 la fin de l&rsquo;ann\u00e9e. &gt; Mardi de 20h \u00e0 22h &amp; quelques week-ends, \u00e0 la Fabrique du Viala Organis\u00e9 avec le foyer rural Langlade &#8211; Brenoux Inscriptions aupr\u00e8s du Foyer rural : 04 66 48 00 19 UNE APR\u00c8S-MIDI AU TH\u00c9\u00c2TRE Pour les enfants (autoris\u00e9 aux parents) Ateliers de cr\u00e9ation manuelle men\u00e9 par Nathalie Massenet. 1 samedi par mois de 16h \u00e0 18h \u00e0 la Fabrique du Viala &gt; Plus d&rsquo;information dans la rubrique BANQUET Renseignements et inscriptions au 04 66 45 56 47 \/ contact@lhivernu.com La compagnie intervient \u00e9galement dans diff\u00e9rents \u00e9tablissements scolaires en Loz\u00e8re Stages \u00e0 la Fabrique du Viala [&hellip;]<\/p>\n","protected":false},"author":1,"featured_media":2563,"parent":133,"menu_order":0,"comment_status":"closed","ping_status":"closed","template":"","meta":{"_themeisle_gutenberg_block_has_review":false,"footnotes":""},"class_list":["post-182","page","type-page","status-publish","has-post-thumbnail","hentry"],"_links":{"self":[{"href":"https:\/\/lhivernu.com\/index.php\/wp-json\/wp\/v2\/pages\/182","targetHints":{"allow":["GET"]}}],"collection":[{"href":"https:\/\/lhivernu.com\/index.php\/wp-json\/wp\/v2\/pages"}],"about":[{"href":"https:\/\/lhivernu.com\/index.php\/wp-json\/wp\/v2\/types\/page"}],"author":[{"embeddable":true,"href":"https:\/\/lhivernu.com\/index.php\/wp-json\/wp\/v2\/users\/1"}],"replies":[{"embeddable":true,"href":"https:\/\/lhivernu.com\/index.php\/wp-json\/wp\/v2\/comments?post=182"}],"version-history":[{"count":48,"href":"https:\/\/lhivernu.com\/index.php\/wp-json\/wp\/v2\/pages\/182\/revisions"}],"predecessor-version":[{"id":4468,"href":"https:\/\/lhivernu.com\/index.php\/wp-json\/wp\/v2\/pages\/182\/revisions\/4468"}],"up":[{"embeddable":true,"href":"https:\/\/lhivernu.com\/index.php\/wp-json\/wp\/v2\/pages\/133"}],"wp:featuredmedia":[{"embeddable":true,"href":"https:\/\/lhivernu.com\/index.php\/wp-json\/wp\/v2\/media\/2563"}],"wp:attachment":[{"href":"https:\/\/lhivernu.com\/index.php\/wp-json\/wp\/v2\/media?parent=182"}],"curies":[{"name":"wp","href":"https:\/\/api.w.org\/{rel}","templated":true}]}}