{"id":2227,"date":"2020-06-17T12:06:46","date_gmt":"2020-06-17T10:06:46","guid":{"rendered":"http:\/\/lhivernu.com\/?page_id=2227"},"modified":"2026-04-16T14:13:59","modified_gmt":"2026-04-16T12:13:59","slug":"visite-virtuelle","status":"publish","type":"page","link":"https:\/\/lhivernu.com\/index.php\/visite-virtuelle\/","title":{"rendered":"Visite virtuelle"},"content":{"rendered":"\t\t<div data-elementor-type=\"wp-page\" data-elementor-id=\"2227\" class=\"elementor elementor-2227\">\n\t\t\t\t\t\t<section class=\"elementor-section elementor-top-section elementor-element elementor-element-ac490c8 elementor-section-boxed elementor-section-height-default elementor-section-height-default\" data-id=\"ac490c8\" data-element_type=\"section\" data-e-type=\"section\">\n\t\t\t\t\t\t<div class=\"elementor-container elementor-column-gap-default\">\n\t\t\t\t\t<div class=\"elementor-column elementor-col-100 elementor-top-column elementor-element elementor-element-900636a\" data-id=\"900636a\" data-element_type=\"column\" data-e-type=\"column\">\n\t\t\t<div class=\"elementor-widget-wrap elementor-element-populated\">\n\t\t\t\t\t\t<div class=\"elementor-element elementor-element-9fec614 elementor-widget elementor-widget-accordion\" data-id=\"9fec614\" data-element_type=\"widget\" data-e-type=\"widget\" data-widget_type=\"accordion.default\">\n\t\t\t\t<div class=\"elementor-widget-container\">\n\t\t\t\t\t\t\t<div class=\"elementor-accordion\">\n\t\t\t\t\t\t\t<div class=\"elementor-accordion-item\">\n\t\t\t\t\t<div id=\"elementor-tab-title-1671\" class=\"elementor-tab-title\" data-tab=\"1\" role=\"button\" aria-controls=\"elementor-tab-content-1671\" aria-expanded=\"false\">\n\t\t\t\t\t\t\t\t\t\t\t\t\t<span class=\"elementor-accordion-icon elementor-accordion-icon-left\" aria-hidden=\"true\">\n\t\t\t\t\t\t\t\t\t\t\t\t\t\t\t<span class=\"elementor-accordion-icon-closed\"><i class=\"fas fa-dice-d6\"><\/i><\/span>\n\t\t\t\t\t\t\t\t<span class=\"elementor-accordion-icon-opened\"><i class=\"fas fa-cube\"><\/i><\/span>\n\t\t\t\t\t\t\t\t\t\t\t\t\t\t<\/span>\n\t\t\t\t\t\t\t\t\t\t\t\t<a class=\"elementor-accordion-title\" tabindex=\"0\">Bienvenue \u00e0 la Fabrique du Viala<\/a>\n\t\t\t\t\t<\/div>\n\t\t\t\t\t<div id=\"elementor-tab-content-1671\" class=\"elementor-tab-content elementor-clearfix\" data-tab=\"1\" role=\"region\" aria-labelledby=\"elementor-tab-title-1671\"><p><a href=\"https:\/\/lhivernu.com\/wp-content\/uploads\/2023\/11\/WhatsApp-Image-2023-11-02-at-16.34.01.jpeg\"><img fetchpriority=\"high\" decoding=\"async\" class=\"wp-image-3760 size-large aligncenter\" src=\"https:\/\/lhivernu.com\/wp-content\/uploads\/2023\/11\/WhatsApp-Image-2023-11-02-at-16.34.01-768x1024.jpeg\" alt=\"\" width=\"768\" height=\"1024\" srcset=\"https:\/\/lhivernu.com\/wp-content\/uploads\/2023\/11\/WhatsApp-Image-2023-11-02-at-16.34.01-768x1024.jpeg 768w, https:\/\/lhivernu.com\/wp-content\/uploads\/2023\/11\/WhatsApp-Image-2023-11-02-at-16.34.01-225x300.jpeg 225w, https:\/\/lhivernu.com\/wp-content\/uploads\/2023\/11\/WhatsApp-Image-2023-11-02-at-16.34.01-300x400.jpeg 300w, https:\/\/lhivernu.com\/wp-content\/uploads\/2023\/11\/WhatsApp-Image-2023-11-02-at-16.34.01-1152x1536.jpeg 1152w, https:\/\/lhivernu.com\/wp-content\/uploads\/2023\/11\/WhatsApp-Image-2023-11-02-at-16.34.01-830x1107.jpeg 830w, https:\/\/lhivernu.com\/wp-content\/uploads\/2023\/11\/WhatsApp-Image-2023-11-02-at-16.34.01-230x307.jpeg 230w, https:\/\/lhivernu.com\/wp-content\/uploads\/2023\/11\/WhatsApp-Image-2023-11-02-at-16.34.01-350x467.jpeg 350w, https:\/\/lhivernu.com\/wp-content\/uploads\/2023\/11\/WhatsApp-Image-2023-11-02-at-16.34.01-480x640.jpeg 480w, https:\/\/lhivernu.com\/wp-content\/uploads\/2023\/11\/WhatsApp-Image-2023-11-02-at-16.34.01.jpeg 1200w\" sizes=\"(max-width: 768px) 100vw, 768px\" \/><\/a><a href=\"https:\/\/lhivernu.com\/wp-content\/uploads\/2023\/11\/WhatsApp-Image-2023-11-02-at-16.34.01-2.jpeg\"><img decoding=\"async\" class=\"wp-image-3759 size-large aligncenter\" src=\"https:\/\/lhivernu.com\/wp-content\/uploads\/2023\/11\/WhatsApp-Image-2023-11-02-at-16.34.01-2-1024x768.jpeg\" alt=\"\" width=\"1024\" height=\"768\" srcset=\"https:\/\/lhivernu.com\/wp-content\/uploads\/2023\/11\/WhatsApp-Image-2023-11-02-at-16.34.01-2-1024x768.jpeg 1024w, https:\/\/lhivernu.com\/wp-content\/uploads\/2023\/11\/WhatsApp-Image-2023-11-02-at-16.34.01-2-300x225.jpeg 300w, https:\/\/lhivernu.com\/wp-content\/uploads\/2023\/11\/WhatsApp-Image-2023-11-02-at-16.34.01-2-768x576.jpeg 768w, https:\/\/lhivernu.com\/wp-content\/uploads\/2023\/11\/WhatsApp-Image-2023-11-02-at-16.34.01-2-1536x1152.jpeg 1536w, https:\/\/lhivernu.com\/wp-content\/uploads\/2023\/11\/WhatsApp-Image-2023-11-02-at-16.34.01-2-830x623.jpeg 830w, https:\/\/lhivernu.com\/wp-content\/uploads\/2023\/11\/WhatsApp-Image-2023-11-02-at-16.34.01-2-230x173.jpeg 230w, https:\/\/lhivernu.com\/wp-content\/uploads\/2023\/11\/WhatsApp-Image-2023-11-02-at-16.34.01-2-350x263.jpeg 350w, https:\/\/lhivernu.com\/wp-content\/uploads\/2023\/11\/WhatsApp-Image-2023-11-02-at-16.34.01-2-480x360.jpeg 480w, https:\/\/lhivernu.com\/wp-content\/uploads\/2023\/11\/WhatsApp-Image-2023-11-02-at-16.34.01-2.jpeg 1600w\" sizes=\"(max-width: 1024px) 100vw, 1024px\" \/><\/a><\/p><\/div>\n\t\t\t\t<\/div>\n\t\t\t\t\t\t\t<div class=\"elementor-accordion-item\">\n\t\t\t\t\t<div id=\"elementor-tab-title-1672\" class=\"elementor-tab-title\" data-tab=\"2\" role=\"button\" aria-controls=\"elementor-tab-content-1672\" aria-expanded=\"false\">\n\t\t\t\t\t\t\t\t\t\t\t\t\t<span class=\"elementor-accordion-icon elementor-accordion-icon-left\" aria-hidden=\"true\">\n\t\t\t\t\t\t\t\t\t\t\t\t\t\t\t<span class=\"elementor-accordion-icon-closed\"><i class=\"fas fa-dice-d6\"><\/i><\/span>\n\t\t\t\t\t\t\t\t<span class=\"elementor-accordion-icon-opened\"><i class=\"fas fa-cube\"><\/i><\/span>\n\t\t\t\t\t\t\t\t\t\t\t\t\t\t<\/span>\n\t\t\t\t\t\t\t\t\t\t\t\t<a class=\"elementor-accordion-title\" tabindex=\"0\">La cour<\/a>\n\t\t\t\t\t<\/div>\n\t\t\t\t\t<div id=\"elementor-tab-content-1672\" class=\"elementor-tab-content elementor-clearfix\" data-tab=\"2\" role=\"region\" aria-labelledby=\"elementor-tab-title-1672\"><p><img decoding=\"async\" class=\"wp-image-3757 size-large aligncenter\" src=\"https:\/\/lhivernu.com\/wp-content\/uploads\/2023\/11\/WhatsApp-Image-2023-11-02-at-16.34.00-1024x768.jpeg\" alt=\"\" width=\"1024\" height=\"768\" srcset=\"https:\/\/lhivernu.com\/wp-content\/uploads\/2023\/11\/WhatsApp-Image-2023-11-02-at-16.34.00-1024x768.jpeg 1024w, https:\/\/lhivernu.com\/wp-content\/uploads\/2023\/11\/WhatsApp-Image-2023-11-02-at-16.34.00-300x225.jpeg 300w, https:\/\/lhivernu.com\/wp-content\/uploads\/2023\/11\/WhatsApp-Image-2023-11-02-at-16.34.00-768x576.jpeg 768w, https:\/\/lhivernu.com\/wp-content\/uploads\/2023\/11\/WhatsApp-Image-2023-11-02-at-16.34.00-1536x1152.jpeg 1536w, https:\/\/lhivernu.com\/wp-content\/uploads\/2023\/11\/WhatsApp-Image-2023-11-02-at-16.34.00-830x623.jpeg 830w, https:\/\/lhivernu.com\/wp-content\/uploads\/2023\/11\/WhatsApp-Image-2023-11-02-at-16.34.00-230x173.jpeg 230w, https:\/\/lhivernu.com\/wp-content\/uploads\/2023\/11\/WhatsApp-Image-2023-11-02-at-16.34.00-350x263.jpeg 350w, https:\/\/lhivernu.com\/wp-content\/uploads\/2023\/11\/WhatsApp-Image-2023-11-02-at-16.34.00-480x360.jpeg 480w, https:\/\/lhivernu.com\/wp-content\/uploads\/2023\/11\/WhatsApp-Image-2023-11-02-at-16.34.00.jpeg 1600w\" sizes=\"(max-width: 1024px) 100vw, 1024px\" \/><img loading=\"lazy\" decoding=\"async\" class=\"wp-image-3758 size-large aligncenter\" src=\"https:\/\/lhivernu.com\/wp-content\/uploads\/2023\/11\/WhatsApp-Image-2023-11-02-at-16.34.01-1-768x1024.jpeg\" alt=\"\" width=\"768\" height=\"1024\" srcset=\"https:\/\/lhivernu.com\/wp-content\/uploads\/2023\/11\/WhatsApp-Image-2023-11-02-at-16.34.01-1-768x1024.jpeg 768w, https:\/\/lhivernu.com\/wp-content\/uploads\/2023\/11\/WhatsApp-Image-2023-11-02-at-16.34.01-1-225x300.jpeg 225w, https:\/\/lhivernu.com\/wp-content\/uploads\/2023\/11\/WhatsApp-Image-2023-11-02-at-16.34.01-1-300x400.jpeg 300w, https:\/\/lhivernu.com\/wp-content\/uploads\/2023\/11\/WhatsApp-Image-2023-11-02-at-16.34.01-1-1152x1536.jpeg 1152w, https:\/\/lhivernu.com\/wp-content\/uploads\/2023\/11\/WhatsApp-Image-2023-11-02-at-16.34.01-1-830x1107.jpeg 830w, https:\/\/lhivernu.com\/wp-content\/uploads\/2023\/11\/WhatsApp-Image-2023-11-02-at-16.34.01-1-230x307.jpeg 230w, https:\/\/lhivernu.com\/wp-content\/uploads\/2023\/11\/WhatsApp-Image-2023-11-02-at-16.34.01-1-350x467.jpeg 350w, https:\/\/lhivernu.com\/wp-content\/uploads\/2023\/11\/WhatsApp-Image-2023-11-02-at-16.34.01-1-480x640.jpeg 480w, https:\/\/lhivernu.com\/wp-content\/uploads\/2023\/11\/WhatsApp-Image-2023-11-02-at-16.34.01-1.jpeg 1200w\" sizes=\"(max-width: 768px) 100vw, 768px\" \/><img loading=\"lazy\" decoding=\"async\" class=\"aligncenter wp-image-2237 size-large\" src=\"https:\/\/lhivernu.com\/wp-content\/uploads\/2020\/06\/20190123_182146-1-1024x768.jpg\" alt=\"\" width=\"1024\" height=\"768\" srcset=\"https:\/\/lhivernu.com\/wp-content\/uploads\/2020\/06\/20190123_182146-1-1024x768.jpg 1024w, https:\/\/lhivernu.com\/wp-content\/uploads\/2020\/06\/20190123_182146-1-300x225.jpg 300w, https:\/\/lhivernu.com\/wp-content\/uploads\/2020\/06\/20190123_182146-1-768x576.jpg 768w, https:\/\/lhivernu.com\/wp-content\/uploads\/2020\/06\/20190123_182146-1-1536x1152.jpg 1536w, https:\/\/lhivernu.com\/wp-content\/uploads\/2020\/06\/20190123_182146-1-2048x1536.jpg 2048w, https:\/\/lhivernu.com\/wp-content\/uploads\/2020\/06\/20190123_182146-1-830x623.jpg 830w, https:\/\/lhivernu.com\/wp-content\/uploads\/2020\/06\/20190123_182146-1-230x173.jpg 230w, https:\/\/lhivernu.com\/wp-content\/uploads\/2020\/06\/20190123_182146-1-350x263.jpg 350w, https:\/\/lhivernu.com\/wp-content\/uploads\/2020\/06\/20190123_182146-1-480x360.jpg 480w\" sizes=\"(max-width: 1024px) 100vw, 1024px\" \/><\/p><\/div>\n\t\t\t\t<\/div>\n\t\t\t\t\t\t\t<div class=\"elementor-accordion-item\">\n\t\t\t\t\t<div id=\"elementor-tab-title-1673\" class=\"elementor-tab-title\" data-tab=\"3\" role=\"button\" aria-controls=\"elementor-tab-content-1673\" aria-expanded=\"false\">\n\t\t\t\t\t\t\t\t\t\t\t\t\t<span class=\"elementor-accordion-icon elementor-accordion-icon-left\" aria-hidden=\"true\">\n\t\t\t\t\t\t\t\t\t\t\t\t\t\t\t<span class=\"elementor-accordion-icon-closed\"><i class=\"fas fa-dice-d6\"><\/i><\/span>\n\t\t\t\t\t\t\t\t<span class=\"elementor-accordion-icon-opened\"><i class=\"fas fa-cube\"><\/i><\/span>\n\t\t\t\t\t\t\t\t\t\t\t\t\t\t<\/span>\n\t\t\t\t\t\t\t\t\t\t\t\t<a class=\"elementor-accordion-title\" tabindex=\"0\">Le th\u00e9\u00e2tre<\/a>\n\t\t\t\t\t<\/div>\n\t\t\t\t\t<div id=\"elementor-tab-content-1673\" class=\"elementor-tab-content elementor-clearfix\" data-tab=\"3\" role=\"region\" aria-labelledby=\"elementor-tab-title-1673\"><p><img loading=\"lazy\" decoding=\"async\" class=\"aligncenter wp-image-2240 size-large\" src=\"https:\/\/lhivernu.com\/wp-content\/uploads\/2020\/06\/20190126_000052-1024x768.jpg\" alt=\"\" width=\"1024\" height=\"768\" srcset=\"https:\/\/lhivernu.com\/wp-content\/uploads\/2020\/06\/20190126_000052-1024x768.jpg 1024w, https:\/\/lhivernu.com\/wp-content\/uploads\/2020\/06\/20190126_000052-300x225.jpg 300w, https:\/\/lhivernu.com\/wp-content\/uploads\/2020\/06\/20190126_000052-768x576.jpg 768w, https:\/\/lhivernu.com\/wp-content\/uploads\/2020\/06\/20190126_000052-1536x1152.jpg 1536w, https:\/\/lhivernu.com\/wp-content\/uploads\/2020\/06\/20190126_000052-2048x1536.jpg 2048w, https:\/\/lhivernu.com\/wp-content\/uploads\/2020\/06\/20190126_000052-830x623.jpg 830w, https:\/\/lhivernu.com\/wp-content\/uploads\/2020\/06\/20190126_000052-230x173.jpg 230w, https:\/\/lhivernu.com\/wp-content\/uploads\/2020\/06\/20190126_000052-350x263.jpg 350w, https:\/\/lhivernu.com\/wp-content\/uploads\/2020\/06\/20190126_000052-480x360.jpg 480w\" sizes=\"(max-width: 1024px) 100vw, 1024px\" \/><img loading=\"lazy\" decoding=\"async\" class=\"aligncenter wp-image-2234 size-large\" src=\"https:\/\/lhivernu.com\/wp-content\/uploads\/2020\/06\/MG_0316-1024x683.jpg\" alt=\"\" width=\"1024\" height=\"683\" srcset=\"https:\/\/lhivernu.com\/wp-content\/uploads\/2020\/06\/MG_0316-1024x683.jpg 1024w, https:\/\/lhivernu.com\/wp-content\/uploads\/2020\/06\/MG_0316-300x200.jpg 300w, https:\/\/lhivernu.com\/wp-content\/uploads\/2020\/06\/MG_0316-768x512.jpg 768w, https:\/\/lhivernu.com\/wp-content\/uploads\/2020\/06\/MG_0316-391x260.jpg 391w, https:\/\/lhivernu.com\/wp-content\/uploads\/2020\/06\/MG_0316-1536x1024.jpg 1536w, https:\/\/lhivernu.com\/wp-content\/uploads\/2020\/06\/MG_0316-2048x1365.jpg 2048w, https:\/\/lhivernu.com\/wp-content\/uploads\/2020\/06\/MG_0316-830x553.jpg 830w, https:\/\/lhivernu.com\/wp-content\/uploads\/2020\/06\/MG_0316-230x153.jpg 230w, https:\/\/lhivernu.com\/wp-content\/uploads\/2020\/06\/MG_0316-350x233.jpg 350w, https:\/\/lhivernu.com\/wp-content\/uploads\/2020\/06\/MG_0316-480x320.jpg 480w\" sizes=\"(max-width: 1024px) 100vw, 1024px\" \/><img loading=\"lazy\" decoding=\"async\" class=\"aligncenter wp-image-2229 size-large\" src=\"https:\/\/lhivernu.com\/wp-content\/uploads\/2020\/06\/20190511_223624-1024x768.jpg\" alt=\"\" width=\"1024\" height=\"768\" srcset=\"https:\/\/lhivernu.com\/wp-content\/uploads\/2020\/06\/20190511_223624-1024x768.jpg 1024w, https:\/\/lhivernu.com\/wp-content\/uploads\/2020\/06\/20190511_223624-300x225.jpg 300w, https:\/\/lhivernu.com\/wp-content\/uploads\/2020\/06\/20190511_223624-768x576.jpg 768w, https:\/\/lhivernu.com\/wp-content\/uploads\/2020\/06\/20190511_223624-1536x1152.jpg 1536w, https:\/\/lhivernu.com\/wp-content\/uploads\/2020\/06\/20190511_223624-2048x1536.jpg 2048w, https:\/\/lhivernu.com\/wp-content\/uploads\/2020\/06\/20190511_223624-830x623.jpg 830w, https:\/\/lhivernu.com\/wp-content\/uploads\/2020\/06\/20190511_223624-230x173.jpg 230w, https:\/\/lhivernu.com\/wp-content\/uploads\/2020\/06\/20190511_223624-350x263.jpg 350w, https:\/\/lhivernu.com\/wp-content\/uploads\/2020\/06\/20190511_223624-480x360.jpg 480w\" sizes=\"(max-width: 1024px) 100vw, 1024px\" \/><\/p><\/div>\n\t\t\t\t<\/div>\n\t\t\t\t\t\t\t<div class=\"elementor-accordion-item\">\n\t\t\t\t\t<div id=\"elementor-tab-title-1674\" class=\"elementor-tab-title\" data-tab=\"4\" role=\"button\" aria-controls=\"elementor-tab-content-1674\" aria-expanded=\"false\">\n\t\t\t\t\t\t\t\t\t\t\t\t\t<span class=\"elementor-accordion-icon elementor-accordion-icon-left\" aria-hidden=\"true\">\n\t\t\t\t\t\t\t\t\t\t\t\t\t\t\t<span class=\"elementor-accordion-icon-closed\"><i class=\"fas fa-dice-d6\"><\/i><\/span>\n\t\t\t\t\t\t\t\t<span class=\"elementor-accordion-icon-opened\"><i class=\"fas fa-cube\"><\/i><\/span>\n\t\t\t\t\t\t\t\t\t\t\t\t\t\t<\/span>\n\t\t\t\t\t\t\t\t\t\t\t\t<a class=\"elementor-accordion-title\" tabindex=\"0\">L'atelier<\/a>\n\t\t\t\t\t<\/div>\n\t\t\t\t\t<div id=\"elementor-tab-content-1674\" class=\"elementor-tab-content elementor-clearfix\" data-tab=\"4\" role=\"region\" aria-labelledby=\"elementor-tab-title-1674\"><p style=\"text-align: center;\"><img loading=\"lazy\" decoding=\"async\" class=\"wp-image-2241 size-large aligncenter\" src=\"https:\/\/lhivernu.com\/wp-content\/uploads\/2020\/06\/MG_0263-1024x683.jpg\" alt=\"\" width=\"1024\" height=\"683\" srcset=\"https:\/\/lhivernu.com\/wp-content\/uploads\/2020\/06\/MG_0263-1024x683.jpg 1024w, https:\/\/lhivernu.com\/wp-content\/uploads\/2020\/06\/MG_0263-300x200.jpg 300w, https:\/\/lhivernu.com\/wp-content\/uploads\/2020\/06\/MG_0263-768x512.jpg 768w, https:\/\/lhivernu.com\/wp-content\/uploads\/2020\/06\/MG_0263-391x260.jpg 391w, https:\/\/lhivernu.com\/wp-content\/uploads\/2020\/06\/MG_0263-1536x1024.jpg 1536w, https:\/\/lhivernu.com\/wp-content\/uploads\/2020\/06\/MG_0263-2048x1365.jpg 2048w, https:\/\/lhivernu.com\/wp-content\/uploads\/2020\/06\/MG_0263-830x553.jpg 830w, https:\/\/lhivernu.com\/wp-content\/uploads\/2020\/06\/MG_0263-230x153.jpg 230w, https:\/\/lhivernu.com\/wp-content\/uploads\/2020\/06\/MG_0263-350x233.jpg 350w, https:\/\/lhivernu.com\/wp-content\/uploads\/2020\/06\/MG_0263-480x320.jpg 480w\" sizes=\"(max-width: 1024px) 100vw, 1024px\" \/><img loading=\"lazy\" decoding=\"async\" class=\"wp-image-2230 size-large aligncenter\" src=\"https:\/\/lhivernu.com\/wp-content\/uploads\/2020\/06\/MG_9992-1024x683.jpg\" alt=\"\" width=\"1024\" height=\"683\" srcset=\"https:\/\/lhivernu.com\/wp-content\/uploads\/2020\/06\/MG_9992-1024x683.jpg 1024w, https:\/\/lhivernu.com\/wp-content\/uploads\/2020\/06\/MG_9992-300x200.jpg 300w, https:\/\/lhivernu.com\/wp-content\/uploads\/2020\/06\/MG_9992-768x512.jpg 768w, https:\/\/lhivernu.com\/wp-content\/uploads\/2020\/06\/MG_9992-391x260.jpg 391w, https:\/\/lhivernu.com\/wp-content\/uploads\/2020\/06\/MG_9992-1536x1024.jpg 1536w, https:\/\/lhivernu.com\/wp-content\/uploads\/2020\/06\/MG_9992-2048x1365.jpg 2048w, https:\/\/lhivernu.com\/wp-content\/uploads\/2020\/06\/MG_9992-830x553.jpg 830w, https:\/\/lhivernu.com\/wp-content\/uploads\/2020\/06\/MG_9992-230x153.jpg 230w, https:\/\/lhivernu.com\/wp-content\/uploads\/2020\/06\/MG_9992-350x233.jpg 350w, https:\/\/lhivernu.com\/wp-content\/uploads\/2020\/06\/MG_9992-480x320.jpg 480w\" sizes=\"(max-width: 1024px) 100vw, 1024px\" \/><\/p><\/div>\n\t\t\t\t<\/div>\n\t\t\t\t\t\t\t<div class=\"elementor-accordion-item\">\n\t\t\t\t\t<div id=\"elementor-tab-title-1675\" class=\"elementor-tab-title\" data-tab=\"5\" role=\"button\" aria-controls=\"elementor-tab-content-1675\" aria-expanded=\"false\">\n\t\t\t\t\t\t\t\t\t\t\t\t\t<span class=\"elementor-accordion-icon elementor-accordion-icon-left\" aria-hidden=\"true\">\n\t\t\t\t\t\t\t\t\t\t\t\t\t\t\t<span class=\"elementor-accordion-icon-closed\"><i class=\"fas fa-dice-d6\"><\/i><\/span>\n\t\t\t\t\t\t\t\t<span class=\"elementor-accordion-icon-opened\"><i class=\"fas fa-cube\"><\/i><\/span>\n\t\t\t\t\t\t\t\t\t\t\t\t\t\t<\/span>\n\t\t\t\t\t\t\t\t\t\t\t\t<a class=\"elementor-accordion-title\" tabindex=\"0\">Le foyer<\/a>\n\t\t\t\t\t<\/div>\n\t\t\t\t\t<div id=\"elementor-tab-content-1675\" class=\"elementor-tab-content elementor-clearfix\" data-tab=\"5\" role=\"region\" aria-labelledby=\"elementor-tab-title-1675\"><p><img loading=\"lazy\" decoding=\"async\" class=\"size-large wp-image-2622 aligncenter\" src=\"https:\/\/lhivernu.com\/wp-content\/uploads\/2021\/09\/P1050071-1024x769.jpg\" alt=\"\" width=\"1024\" height=\"769\" srcset=\"https:\/\/lhivernu.com\/wp-content\/uploads\/2021\/09\/P1050071-1024x769.jpg 1024w, https:\/\/lhivernu.com\/wp-content\/uploads\/2021\/09\/P1050071-300x225.jpg 300w, https:\/\/lhivernu.com\/wp-content\/uploads\/2021\/09\/P1050071-768x577.jpg 768w, https:\/\/lhivernu.com\/wp-content\/uploads\/2021\/09\/P1050071-1536x1153.jpg 1536w, https:\/\/lhivernu.com\/wp-content\/uploads\/2021\/09\/P1050071-2048x1538.jpg 2048w, https:\/\/lhivernu.com\/wp-content\/uploads\/2021\/09\/P1050071-830x623.jpg 830w, https:\/\/lhivernu.com\/wp-content\/uploads\/2021\/09\/P1050071-230x173.jpg 230w, https:\/\/lhivernu.com\/wp-content\/uploads\/2021\/09\/P1050071-350x263.jpg 350w, https:\/\/lhivernu.com\/wp-content\/uploads\/2021\/09\/P1050071-480x360.jpg 480w\" sizes=\"(max-width: 1024px) 100vw, 1024px\" \/><img loading=\"lazy\" decoding=\"async\" class=\"size-large wp-image-2627 aligncenter\" src=\"https:\/\/lhivernu.com\/wp-content\/uploads\/2021\/09\/P1050095-1024x769.jpg\" alt=\"\" width=\"1024\" height=\"769\" srcset=\"https:\/\/lhivernu.com\/wp-content\/uploads\/2021\/09\/P1050095-1024x769.jpg 1024w, https:\/\/lhivernu.com\/wp-content\/uploads\/2021\/09\/P1050095-300x225.jpg 300w, https:\/\/lhivernu.com\/wp-content\/uploads\/2021\/09\/P1050095-768x577.jpg 768w, https:\/\/lhivernu.com\/wp-content\/uploads\/2021\/09\/P1050095-1536x1153.jpg 1536w, https:\/\/lhivernu.com\/wp-content\/uploads\/2021\/09\/P1050095-2048x1538.jpg 2048w, https:\/\/lhivernu.com\/wp-content\/uploads\/2021\/09\/P1050095-830x623.jpg 830w, https:\/\/lhivernu.com\/wp-content\/uploads\/2021\/09\/P1050095-230x173.jpg 230w, https:\/\/lhivernu.com\/wp-content\/uploads\/2021\/09\/P1050095-350x263.jpg 350w, https:\/\/lhivernu.com\/wp-content\/uploads\/2021\/09\/P1050095-480x360.jpg 480w\" sizes=\"(max-width: 1024px) 100vw, 1024px\" \/> <img loading=\"lazy\" decoding=\"async\" class=\"alignnone size-large wp-image-2623\" src=\"https:\/\/lhivernu.com\/wp-content\/uploads\/2021\/09\/P1050074-1024x769.jpg\" alt=\"\" width=\"1024\" height=\"769\" srcset=\"https:\/\/lhivernu.com\/wp-content\/uploads\/2021\/09\/P1050074-1024x769.jpg 1024w, https:\/\/lhivernu.com\/wp-content\/uploads\/2021\/09\/P1050074-300x225.jpg 300w, https:\/\/lhivernu.com\/wp-content\/uploads\/2021\/09\/P1050074-768x577.jpg 768w, https:\/\/lhivernu.com\/wp-content\/uploads\/2021\/09\/P1050074-1536x1153.jpg 1536w, https:\/\/lhivernu.com\/wp-content\/uploads\/2021\/09\/P1050074-2048x1538.jpg 2048w, https:\/\/lhivernu.com\/wp-content\/uploads\/2021\/09\/P1050074-830x623.jpg 830w, https:\/\/lhivernu.com\/wp-content\/uploads\/2021\/09\/P1050074-230x173.jpg 230w, https:\/\/lhivernu.com\/wp-content\/uploads\/2021\/09\/P1050074-350x263.jpg 350w, https:\/\/lhivernu.com\/wp-content\/uploads\/2021\/09\/P1050074-480x360.jpg 480w\" sizes=\"(max-width: 1024px) 100vw, 1024px\" \/><img loading=\"lazy\" decoding=\"async\" class=\"alignnone size-large wp-image-2624\" src=\"https:\/\/lhivernu.com\/wp-content\/uploads\/2021\/09\/P1050077-1024x769.jpg\" alt=\"\" width=\"1024\" height=\"769\" srcset=\"https:\/\/lhivernu.com\/wp-content\/uploads\/2021\/09\/P1050077-1024x769.jpg 1024w, https:\/\/lhivernu.com\/wp-content\/uploads\/2021\/09\/P1050077-300x225.jpg 300w, https:\/\/lhivernu.com\/wp-content\/uploads\/2021\/09\/P1050077-768x577.jpg 768w, https:\/\/lhivernu.com\/wp-content\/uploads\/2021\/09\/P1050077-1536x1153.jpg 1536w, https:\/\/lhivernu.com\/wp-content\/uploads\/2021\/09\/P1050077-2048x1538.jpg 2048w, https:\/\/lhivernu.com\/wp-content\/uploads\/2021\/09\/P1050077-830x623.jpg 830w, https:\/\/lhivernu.com\/wp-content\/uploads\/2021\/09\/P1050077-230x173.jpg 230w, https:\/\/lhivernu.com\/wp-content\/uploads\/2021\/09\/P1050077-350x263.jpg 350w, https:\/\/lhivernu.com\/wp-content\/uploads\/2021\/09\/P1050077-480x360.jpg 480w\" sizes=\"(max-width: 1024px) 100vw, 1024px\" \/><img loading=\"lazy\" decoding=\"async\" class=\"alignnone size-large wp-image-2625\" src=\"https:\/\/lhivernu.com\/wp-content\/uploads\/2021\/09\/P1050087-1024x769.jpg\" alt=\"\" width=\"1024\" height=\"769\" srcset=\"https:\/\/lhivernu.com\/wp-content\/uploads\/2021\/09\/P1050087-1024x769.jpg 1024w, https:\/\/lhivernu.com\/wp-content\/uploads\/2021\/09\/P1050087-300x225.jpg 300w, https:\/\/lhivernu.com\/wp-content\/uploads\/2021\/09\/P1050087-768x577.jpg 768w, https:\/\/lhivernu.com\/wp-content\/uploads\/2021\/09\/P1050087-1536x1153.jpg 1536w, https:\/\/lhivernu.com\/wp-content\/uploads\/2021\/09\/P1050087-2048x1538.jpg 2048w, https:\/\/lhivernu.com\/wp-content\/uploads\/2021\/09\/P1050087-830x623.jpg 830w, https:\/\/lhivernu.com\/wp-content\/uploads\/2021\/09\/P1050087-230x173.jpg 230w, https:\/\/lhivernu.com\/wp-content\/uploads\/2021\/09\/P1050087-350x263.jpg 350w, https:\/\/lhivernu.com\/wp-content\/uploads\/2021\/09\/P1050087-480x360.jpg 480w\" sizes=\"(max-width: 1024px) 100vw, 1024px\" \/><\/p><\/div>\n\t\t\t\t<\/div>\n\t\t\t\t\t\t\t<div class=\"elementor-accordion-item\">\n\t\t\t\t\t<div id=\"elementor-tab-title-1676\" class=\"elementor-tab-title\" data-tab=\"6\" role=\"button\" aria-controls=\"elementor-tab-content-1676\" aria-expanded=\"false\">\n\t\t\t\t\t\t\t\t\t\t\t\t\t<span class=\"elementor-accordion-icon elementor-accordion-icon-left\" aria-hidden=\"true\">\n\t\t\t\t\t\t\t\t\t\t\t\t\t\t\t<span class=\"elementor-accordion-icon-closed\"><i class=\"fas fa-dice-d6\"><\/i><\/span>\n\t\t\t\t\t\t\t\t<span class=\"elementor-accordion-icon-opened\"><i class=\"fas fa-cube\"><\/i><\/span>\n\t\t\t\t\t\t\t\t\t\t\t\t\t\t<\/span>\n\t\t\t\t\t\t\t\t\t\t\t\t<a class=\"elementor-accordion-title\" tabindex=\"0\">Les bureaux de la compagnie<\/a>\n\t\t\t\t\t<\/div>\n\t\t\t\t\t<div id=\"elementor-tab-content-1676\" class=\"elementor-tab-content elementor-clearfix\" data-tab=\"6\" role=\"region\" aria-labelledby=\"elementor-tab-title-1676\"><p><img loading=\"lazy\" decoding=\"async\" class=\"aligncenter wp-image-2233 size-large\" src=\"https:\/\/lhivernu.com\/wp-content\/uploads\/2020\/06\/P1030582-1024x769.jpg\" alt=\"\" width=\"1024\" height=\"769\" srcset=\"https:\/\/lhivernu.com\/wp-content\/uploads\/2020\/06\/P1030582-1024x769.jpg 1024w, https:\/\/lhivernu.com\/wp-content\/uploads\/2020\/06\/P1030582-300x225.jpg 300w, https:\/\/lhivernu.com\/wp-content\/uploads\/2020\/06\/P1030582-768x577.jpg 768w, https:\/\/lhivernu.com\/wp-content\/uploads\/2020\/06\/P1030582-1536x1153.jpg 1536w, https:\/\/lhivernu.com\/wp-content\/uploads\/2020\/06\/P1030582-2048x1538.jpg 2048w, https:\/\/lhivernu.com\/wp-content\/uploads\/2020\/06\/P1030582-830x623.jpg 830w, https:\/\/lhivernu.com\/wp-content\/uploads\/2020\/06\/P1030582-230x173.jpg 230w, https:\/\/lhivernu.com\/wp-content\/uploads\/2020\/06\/P1030582-350x263.jpg 350w, https:\/\/lhivernu.com\/wp-content\/uploads\/2020\/06\/P1030582-480x360.jpg 480w\" sizes=\"(max-width: 1024px) 100vw, 1024px\" \/><\/p><\/div>\n\t\t\t\t<\/div>\n\t\t\t\t\t\t\t\t<\/div>\n\t\t\t\t\t\t<\/div>\n\t\t\t\t<\/div>\n\t\t\t\t\t<\/div>\n\t\t<\/div>\n\t\t\t\t\t<\/div>\n\t\t<\/section>\n\t\t\t\t<\/div>\n\t\t","protected":false},"excerpt":{"rendered":"<p>Bienvenue \u00e0 la Fabrique du Viala La cour Le th\u00e9\u00e2tre L&rsquo;atelier Le foyer Les bureaux de la compagnie<\/p>\n","protected":false},"author":3,"featured_media":0,"parent":0,"menu_order":0,"comment_status":"closed","ping_status":"closed","template":"","meta":{"_themeisle_gutenberg_block_has_review":false,"footnotes":""},"class_list":["post-2227","page","type-page","status-publish","hentry"],"_links":{"self":[{"href":"https:\/\/lhivernu.com\/index.php\/wp-json\/wp\/v2\/pages\/2227","targetHints":{"allow":["GET"]}}],"collection":[{"href":"https:\/\/lhivernu.com\/index.php\/wp-json\/wp\/v2\/pages"}],"about":[{"href":"https:\/\/lhivernu.com\/index.php\/wp-json\/wp\/v2\/types\/page"}],"author":[{"embeddable":true,"href":"https:\/\/lhivernu.com\/index.php\/wp-json\/wp\/v2\/users\/3"}],"replies":[{"embeddable":true,"href":"https:\/\/lhivernu.com\/index.php\/wp-json\/wp\/v2\/comments?post=2227"}],"version-history":[{"count":28,"href":"https:\/\/lhivernu.com\/index.php\/wp-json\/wp\/v2\/pages\/2227\/revisions"}],"predecessor-version":[{"id":5468,"href":"https:\/\/lhivernu.com\/index.php\/wp-json\/wp\/v2\/pages\/2227\/revisions\/5468"}],"wp:attachment":[{"href":"https:\/\/lhivernu.com\/index.php\/wp-json\/wp\/v2\/media?parent=2227"}],"curies":[{"name":"wp","href":"https:\/\/api.w.org\/{rel}","templated":true}]}}