{"id":3555,"date":"2023-09-29T09:41:16","date_gmt":"2023-09-29T07:41:16","guid":{"rendered":"http:\/\/lhivernu.com\/?page_id=3555"},"modified":"2024-05-21T11:38:48","modified_gmt":"2024-05-21T09:38:48","slug":"acces-libre-202","status":"publish","type":"page","link":"https:\/\/lhivernu.com\/index.php\/acces-libre-202\/","title":{"rendered":"Acc\u00e8s Libre 2020"},"content":{"rendered":"\n<p><strong>L&rsquo;\u00e9dition 2020 aurait du avoir lieu<\/strong>&nbsp;les <strong>vendredi 6 et samedi 7 novembre. <\/strong>En raison du contexte que nous connaissons, les rencontres publiques n&rsquo;ont pu se faire. Nous avons par contre pu, avec les Sc\u00e8nes Crois\u00e9es de Loz\u00e8re, accueillir comme pr\u00e9vu l&rsquo;\u00e9quipe invit\u00e9e :&nbsp;<strong>Justine Macadoux, Marie Bouchachourt, Yoris Dutour, Prune Houdoyer, Jean-Pierre Larroche, Bertrand Boulanger, Marc Sollogoub, Deborah Benveniste.<\/strong><\/p>\n\n\n\n<h4 class=\"wp-block-heading\"><strong>D\u00c9SORDRES !<\/strong><\/h4>\n\n\n\n<p>\u00ab\u00a0<strong>Nous aimerions durant cet \u00ab\u00a0Acc\u00e8s libre\u00a0\u00bb vous inviter \u00e0 rendre hommage au d\u00e9sordre<\/strong>, lui donner une piste de danse, d\u00e9caler les syllabes, m\u00e9tisser les go\u00fbts, inverser les pas, se mettre \u00e0 nu habill\u00e9, s&rsquo;habiller de nudit\u00e9, se d\u00e9masquer en se masquant et autres jeux. <strong>Voil\u00e0 l&rsquo;invitation, sublimer le d\u00e9sordre pour accepter sa n\u00e9cessit\u00e9, l&rsquo;inviter avec plaisir dans le partage et la joie.<\/strong>\u00ab\u00a0<\/p>\n\n\n\n<p>R\u00e9sidence et carte blanche co-accueillies par L&rsquo;hiver nu, les Sc\u00e8nes Crois\u00e9es de Loz\u00e8re et l&rsquo;EPCI Mont-Loz\u00e8re.<\/p>\n\n\n\n<p><strong>Belle semaine anim\u00e9e et joyeuses dont voici quelques traces&#8230;<\/strong><\/p>\n\n\n\n<p>&#8211; Merci \u00e0 Loz\u00e8re Nouvelle, pour leur reportage \u00e0 visionner<a href=\"https:\/\/fb.watch\/2gqHKCvUok\/\"> ici<\/a><br>&#8211; Merci aussi \u00e0 T\u00e9l\u00e9draille, pour leur reportage \u00e0 voir <a href=\"https:\/\/youtu.be\/Hr4tRSUUncA\">ici<\/a><\/p>\n\n\n\n<div class=\"wp-block-group is-nowrap is-layout-flex wp-container-core-group-is-layout-6c531013 wp-block-group-is-layout-flex\">\n<figure class=\"wp-block-image aligncenter\"><img fetchpriority=\"high\" decoding=\"async\" width=\"300\" height=\"200\" src=\"https:\/\/lhivernu.com\/wp-content\/uploads\/2020\/12\/P1010316-300x200.jpg\" alt=\"\" class=\"wp-image-2398\" srcset=\"https:\/\/lhivernu.com\/wp-content\/uploads\/2020\/12\/P1010316-300x200.jpg 300w, https:\/\/lhivernu.com\/wp-content\/uploads\/2020\/12\/P1010316-1024x683.jpg 1024w, https:\/\/lhivernu.com\/wp-content\/uploads\/2020\/12\/P1010316-768x513.jpg 768w, https:\/\/lhivernu.com\/wp-content\/uploads\/2020\/12\/P1010316-391x260.jpg 391w, https:\/\/lhivernu.com\/wp-content\/uploads\/2020\/12\/P1010316-1536x1025.jpg 1536w, https:\/\/lhivernu.com\/wp-content\/uploads\/2020\/12\/P1010316-2048x1367.jpg 2048w, https:\/\/lhivernu.com\/wp-content\/uploads\/2020\/12\/P1010316-830x554.jpg 830w, https:\/\/lhivernu.com\/wp-content\/uploads\/2020\/12\/P1010316-230x153.jpg 230w, https:\/\/lhivernu.com\/wp-content\/uploads\/2020\/12\/P1010316-350x234.jpg 350w, https:\/\/lhivernu.com\/wp-content\/uploads\/2020\/12\/P1010316-480x320.jpg 480w\" sizes=\"(max-width: 300px) 100vw, 300px\" \/><\/figure>\n\n\n\n<figure class=\"wp-block-image aligncenter\"><img decoding=\"async\" width=\"300\" height=\"200\" src=\"https:\/\/lhivernu.com\/wp-content\/uploads\/2020\/12\/P1010349-300x200.jpg\" alt=\"\" class=\"wp-image-2399\" srcset=\"https:\/\/lhivernu.com\/wp-content\/uploads\/2020\/12\/P1010349-300x200.jpg 300w, https:\/\/lhivernu.com\/wp-content\/uploads\/2020\/12\/P1010349-1024x683.jpg 1024w, https:\/\/lhivernu.com\/wp-content\/uploads\/2020\/12\/P1010349-768x512.jpg 768w, https:\/\/lhivernu.com\/wp-content\/uploads\/2020\/12\/P1010349-391x260.jpg 391w, https:\/\/lhivernu.com\/wp-content\/uploads\/2020\/12\/P1010349-830x553.jpg 830w, https:\/\/lhivernu.com\/wp-content\/uploads\/2020\/12\/P1010349-230x153.jpg 230w, https:\/\/lhivernu.com\/wp-content\/uploads\/2020\/12\/P1010349-350x233.jpg 350w, https:\/\/lhivernu.com\/wp-content\/uploads\/2020\/12\/P1010349-480x320.jpg 480w, https:\/\/lhivernu.com\/wp-content\/uploads\/2020\/12\/P1010349.jpg 1080w\" sizes=\"(max-width: 300px) 100vw, 300px\" \/><\/figure>\n\n\n\n<figure class=\"wp-block-image aligncenter\"><img decoding=\"async\" width=\"300\" height=\"200\" src=\"https:\/\/lhivernu.com\/wp-content\/uploads\/2020\/12\/P1010370-300x200.jpg\" alt=\"\" class=\"wp-image-2401\" srcset=\"https:\/\/lhivernu.com\/wp-content\/uploads\/2020\/12\/P1010370-300x200.jpg 300w, https:\/\/lhivernu.com\/wp-content\/uploads\/2020\/12\/P1010370-1024x683.jpg 1024w, https:\/\/lhivernu.com\/wp-content\/uploads\/2020\/12\/P1010370-768x513.jpg 768w, https:\/\/lhivernu.com\/wp-content\/uploads\/2020\/12\/P1010370-391x260.jpg 391w, https:\/\/lhivernu.com\/wp-content\/uploads\/2020\/12\/P1010370-1536x1025.jpg 1536w, https:\/\/lhivernu.com\/wp-content\/uploads\/2020\/12\/P1010370-2048x1367.jpg 2048w, https:\/\/lhivernu.com\/wp-content\/uploads\/2020\/12\/P1010370-830x554.jpg 830w, https:\/\/lhivernu.com\/wp-content\/uploads\/2020\/12\/P1010370-230x153.jpg 230w, https:\/\/lhivernu.com\/wp-content\/uploads\/2020\/12\/P1010370-350x234.jpg 350w, https:\/\/lhivernu.com\/wp-content\/uploads\/2020\/12\/P1010370-480x320.jpg 480w\" sizes=\"(max-width: 300px) 100vw, 300px\" \/><\/figure>\n<\/div>\n\n\n\n<div class=\"wp-block-group is-nowrap is-layout-flex wp-container-core-group-is-layout-6c531013 wp-block-group-is-layout-flex\">\n<figure class=\"wp-block-image aligncenter\"><img loading=\"lazy\" decoding=\"async\" width=\"300\" height=\"200\" src=\"https:\/\/lhivernu.com\/wp-content\/uploads\/2020\/12\/P1010436-300x200.jpg\" alt=\"\" class=\"wp-image-2403\" srcset=\"https:\/\/lhivernu.com\/wp-content\/uploads\/2020\/12\/P1010436-300x200.jpg 300w, https:\/\/lhivernu.com\/wp-content\/uploads\/2020\/12\/P1010436-1024x683.jpg 1024w, https:\/\/lhivernu.com\/wp-content\/uploads\/2020\/12\/P1010436-768x513.jpg 768w, https:\/\/lhivernu.com\/wp-content\/uploads\/2020\/12\/P1010436-391x260.jpg 391w, https:\/\/lhivernu.com\/wp-content\/uploads\/2020\/12\/P1010436-1536x1025.jpg 1536w, https:\/\/lhivernu.com\/wp-content\/uploads\/2020\/12\/P1010436-2048x1367.jpg 2048w, https:\/\/lhivernu.com\/wp-content\/uploads\/2020\/12\/P1010436-830x554.jpg 830w, https:\/\/lhivernu.com\/wp-content\/uploads\/2020\/12\/P1010436-230x153.jpg 230w, https:\/\/lhivernu.com\/wp-content\/uploads\/2020\/12\/P1010436-350x234.jpg 350w, https:\/\/lhivernu.com\/wp-content\/uploads\/2020\/12\/P1010436-480x320.jpg 480w\" sizes=\"(max-width: 300px) 100vw, 300px\" \/><\/figure>\n\n\n\n<figure class=\"wp-block-image aligncenter\"><img loading=\"lazy\" decoding=\"async\" width=\"300\" height=\"200\" src=\"https:\/\/lhivernu.com\/wp-content\/uploads\/2020\/12\/P1010416-300x200.jpg\" alt=\"\" class=\"wp-image-2402\" srcset=\"https:\/\/lhivernu.com\/wp-content\/uploads\/2020\/12\/P1010416-300x200.jpg 300w, https:\/\/lhivernu.com\/wp-content\/uploads\/2020\/12\/P1010416-1024x683.jpg 1024w, https:\/\/lhivernu.com\/wp-content\/uploads\/2020\/12\/P1010416-768x513.jpg 768w, https:\/\/lhivernu.com\/wp-content\/uploads\/2020\/12\/P1010416-391x260.jpg 391w, https:\/\/lhivernu.com\/wp-content\/uploads\/2020\/12\/P1010416-1536x1025.jpg 1536w, https:\/\/lhivernu.com\/wp-content\/uploads\/2020\/12\/P1010416-2048x1367.jpg 2048w, https:\/\/lhivernu.com\/wp-content\/uploads\/2020\/12\/P1010416-830x554.jpg 830w, https:\/\/lhivernu.com\/wp-content\/uploads\/2020\/12\/P1010416-230x153.jpg 230w, https:\/\/lhivernu.com\/wp-content\/uploads\/2020\/12\/P1010416-350x234.jpg 350w, https:\/\/lhivernu.com\/wp-content\/uploads\/2020\/12\/P1010416-480x320.jpg 480w\" sizes=\"(max-width: 300px) 100vw, 300px\" \/><\/figure>\n\n\n\n<figure class=\"wp-block-image aligncenter\"><img loading=\"lazy\" decoding=\"async\" width=\"300\" height=\"200\" src=\"https:\/\/lhivernu.com\/wp-content\/uploads\/2020\/12\/P1010439-300x200.jpg\" alt=\"\" class=\"wp-image-2404\" srcset=\"https:\/\/lhivernu.com\/wp-content\/uploads\/2020\/12\/P1010439-300x200.jpg 300w, https:\/\/lhivernu.com\/wp-content\/uploads\/2020\/12\/P1010439-1024x683.jpg 1024w, https:\/\/lhivernu.com\/wp-content\/uploads\/2020\/12\/P1010439-768x513.jpg 768w, https:\/\/lhivernu.com\/wp-content\/uploads\/2020\/12\/P1010439-391x260.jpg 391w, https:\/\/lhivernu.com\/wp-content\/uploads\/2020\/12\/P1010439-1536x1025.jpg 1536w, https:\/\/lhivernu.com\/wp-content\/uploads\/2020\/12\/P1010439-2048x1367.jpg 2048w, https:\/\/lhivernu.com\/wp-content\/uploads\/2020\/12\/P1010439-830x554.jpg 830w, https:\/\/lhivernu.com\/wp-content\/uploads\/2020\/12\/P1010439-230x153.jpg 230w, https:\/\/lhivernu.com\/wp-content\/uploads\/2020\/12\/P1010439-350x234.jpg 350w, https:\/\/lhivernu.com\/wp-content\/uploads\/2020\/12\/P1010439-480x320.jpg 480w\" sizes=\"(max-width: 300px) 100vw, 300px\" \/><\/figure>\n<\/div>\n\n\n\n<figure class=\"wp-block-image aligncenter\"><img loading=\"lazy\" decoding=\"async\" width=\"300\" height=\"200\" src=\"https:\/\/lhivernu.com\/wp-content\/uploads\/2020\/12\/P1010355-300x200.jpg\" alt=\"\" class=\"wp-image-2400\" srcset=\"https:\/\/lhivernu.com\/wp-content\/uploads\/2020\/12\/P1010355-300x200.jpg 300w, https:\/\/lhivernu.com\/wp-content\/uploads\/2020\/12\/P1010355-1024x683.jpg 1024w, https:\/\/lhivernu.com\/wp-content\/uploads\/2020\/12\/P1010355-768x512.jpg 768w, https:\/\/lhivernu.com\/wp-content\/uploads\/2020\/12\/P1010355-391x260.jpg 391w, https:\/\/lhivernu.com\/wp-content\/uploads\/2020\/12\/P1010355-830x553.jpg 830w, https:\/\/lhivernu.com\/wp-content\/uploads\/2020\/12\/P1010355-230x153.jpg 230w, https:\/\/lhivernu.com\/wp-content\/uploads\/2020\/12\/P1010355-350x233.jpg 350w, https:\/\/lhivernu.com\/wp-content\/uploads\/2020\/12\/P1010355-480x320.jpg 480w, https:\/\/lhivernu.com\/wp-content\/uploads\/2020\/12\/P1010355.jpg 1080w\" sizes=\"(max-width: 300px) 100vw, 300px\" \/><\/figure>\n\n\n\n<figure class=\"wp-block-image alignleft is-resized\"><img loading=\"lazy\" decoding=\"async\" src=\"https:\/\/lhivernu.com\/wp-content\/uploads\/2020\/12\/P1140312-169x300.jpg\" alt=\"\" class=\"wp-image-2406\" style=\"width:169px;height:300px\" width=\"169\" height=\"300\" srcset=\"https:\/\/lhivernu.com\/wp-content\/uploads\/2020\/12\/P1140312-169x300.jpg 169w, https:\/\/lhivernu.com\/wp-content\/uploads\/2020\/12\/P1140312-575x1024.jpg 575w, https:\/\/lhivernu.com\/wp-content\/uploads\/2020\/12\/P1140312-768x1367.jpg 768w, https:\/\/lhivernu.com\/wp-content\/uploads\/2020\/12\/P1140312-863x1536.jpg 863w, https:\/\/lhivernu.com\/wp-content\/uploads\/2020\/12\/P1140312-1151x2048.jpg 1151w, https:\/\/lhivernu.com\/wp-content\/uploads\/2020\/12\/P1140312-830x1477.jpg 830w, https:\/\/lhivernu.com\/wp-content\/uploads\/2020\/12\/P1140312-230x409.jpg 230w, https:\/\/lhivernu.com\/wp-content\/uploads\/2020\/12\/P1140312-350x623.jpg 350w, https:\/\/lhivernu.com\/wp-content\/uploads\/2020\/12\/P1140312-480x854.jpg 480w, https:\/\/lhivernu.com\/wp-content\/uploads\/2020\/12\/P1140312-scaled.jpg 1439w\" sizes=\"(max-width: 169px) 100vw, 169px\" \/><\/figure>\n\n\n\n<figure class=\"wp-block-image alignleft\"><img loading=\"lazy\" decoding=\"async\" width=\"169\" height=\"300\" src=\"https:\/\/lhivernu.com\/wp-content\/uploads\/2020\/12\/P1140313-169x300.jpg\" alt=\"\" class=\"wp-image-2407\" srcset=\"https:\/\/lhivernu.com\/wp-content\/uploads\/2020\/12\/P1140313-169x300.jpg 169w, https:\/\/lhivernu.com\/wp-content\/uploads\/2020\/12\/P1140313-575x1024.jpg 575w, https:\/\/lhivernu.com\/wp-content\/uploads\/2020\/12\/P1140313-768x1367.jpg 768w, https:\/\/lhivernu.com\/wp-content\/uploads\/2020\/12\/P1140313-863x1536.jpg 863w, https:\/\/lhivernu.com\/wp-content\/uploads\/2020\/12\/P1140313-1151x2048.jpg 1151w, https:\/\/lhivernu.com\/wp-content\/uploads\/2020\/12\/P1140313-830x1477.jpg 830w, https:\/\/lhivernu.com\/wp-content\/uploads\/2020\/12\/P1140313-230x409.jpg 230w, https:\/\/lhivernu.com\/wp-content\/uploads\/2020\/12\/P1140313-350x623.jpg 350w, https:\/\/lhivernu.com\/wp-content\/uploads\/2020\/12\/P1140313-480x854.jpg 480w, https:\/\/lhivernu.com\/wp-content\/uploads\/2020\/12\/P1140313-scaled.jpg 1439w\" sizes=\"(max-width: 169px) 100vw, 169px\" \/><\/figure>\n\n\n\n<figure class=\"wp-block-image alignleft\"><img loading=\"lazy\" decoding=\"async\" width=\"169\" height=\"300\" src=\"https:\/\/lhivernu.com\/wp-content\/uploads\/2020\/12\/P1140314-169x300.jpg\" alt=\"\" class=\"wp-image-2408\" srcset=\"https:\/\/lhivernu.com\/wp-content\/uploads\/2020\/12\/P1140314-169x300.jpg 169w, https:\/\/lhivernu.com\/wp-content\/uploads\/2020\/12\/P1140314-575x1024.jpg 575w, https:\/\/lhivernu.com\/wp-content\/uploads\/2020\/12\/P1140314-768x1367.jpg 768w, https:\/\/lhivernu.com\/wp-content\/uploads\/2020\/12\/P1140314-863x1536.jpg 863w, https:\/\/lhivernu.com\/wp-content\/uploads\/2020\/12\/P1140314-1151x2048.jpg 1151w, https:\/\/lhivernu.com\/wp-content\/uploads\/2020\/12\/P1140314-830x1477.jpg 830w, https:\/\/lhivernu.com\/wp-content\/uploads\/2020\/12\/P1140314-230x409.jpg 230w, https:\/\/lhivernu.com\/wp-content\/uploads\/2020\/12\/P1140314-350x623.jpg 350w, https:\/\/lhivernu.com\/wp-content\/uploads\/2020\/12\/P1140314-480x854.jpg 480w, https:\/\/lhivernu.com\/wp-content\/uploads\/2020\/12\/P1140314-scaled.jpg 1439w\" sizes=\"(max-width: 169px) 100vw, 169px\" \/><\/figure>\n\n\n\n<figure class=\"wp-block-image alignleft is-resized\"><img loading=\"lazy\" decoding=\"async\" src=\"https:\/\/lhivernu.com\/wp-content\/uploads\/2020\/12\/P1140315-169x300.jpg\" alt=\"\" class=\"wp-image-2409\" style=\"width:169px;height:300px\" width=\"169\" height=\"300\" srcset=\"https:\/\/lhivernu.com\/wp-content\/uploads\/2020\/12\/P1140315-169x300.jpg 169w, https:\/\/lhivernu.com\/wp-content\/uploads\/2020\/12\/P1140315-575x1024.jpg 575w, https:\/\/lhivernu.com\/wp-content\/uploads\/2020\/12\/P1140315-768x1367.jpg 768w, https:\/\/lhivernu.com\/wp-content\/uploads\/2020\/12\/P1140315-863x1536.jpg 863w, https:\/\/lhivernu.com\/wp-content\/uploads\/2020\/12\/P1140315-1151x2048.jpg 1151w, https:\/\/lhivernu.com\/wp-content\/uploads\/2020\/12\/P1140315-830x1477.jpg 830w, https:\/\/lhivernu.com\/wp-content\/uploads\/2020\/12\/P1140315-230x409.jpg 230w, https:\/\/lhivernu.com\/wp-content\/uploads\/2020\/12\/P1140315-350x623.jpg 350w, https:\/\/lhivernu.com\/wp-content\/uploads\/2020\/12\/P1140315-480x854.jpg 480w, https:\/\/lhivernu.com\/wp-content\/uploads\/2020\/12\/P1140315-scaled.jpg 1439w\" sizes=\"(max-width: 169px) 100vw, 169px\" \/><\/figure>\n\n\n\n<figure class=\"wp-block-image alignleft\"><img loading=\"lazy\" decoding=\"async\" width=\"169\" height=\"300\" src=\"https:\/\/lhivernu.com\/wp-content\/uploads\/2020\/12\/P1140316-169x300.jpg\" alt=\"\" class=\"wp-image-2410\" srcset=\"https:\/\/lhivernu.com\/wp-content\/uploads\/2020\/12\/P1140316-169x300.jpg 169w, https:\/\/lhivernu.com\/wp-content\/uploads\/2020\/12\/P1140316-575x1024.jpg 575w, https:\/\/lhivernu.com\/wp-content\/uploads\/2020\/12\/P1140316-768x1367.jpg 768w, https:\/\/lhivernu.com\/wp-content\/uploads\/2020\/12\/P1140316-863x1536.jpg 863w, https:\/\/lhivernu.com\/wp-content\/uploads\/2020\/12\/P1140316-1151x2048.jpg 1151w, https:\/\/lhivernu.com\/wp-content\/uploads\/2020\/12\/P1140316-830x1477.jpg 830w, https:\/\/lhivernu.com\/wp-content\/uploads\/2020\/12\/P1140316-230x409.jpg 230w, https:\/\/lhivernu.com\/wp-content\/uploads\/2020\/12\/P1140316-350x623.jpg 350w, https:\/\/lhivernu.com\/wp-content\/uploads\/2020\/12\/P1140316-480x854.jpg 480w, https:\/\/lhivernu.com\/wp-content\/uploads\/2020\/12\/P1140316-scaled.jpg 1439w\" sizes=\"(max-width: 169px) 100vw, 169px\" \/><\/figure>\n\n\n\n<figure class=\"wp-block-image alignleft\"><img loading=\"lazy\" decoding=\"async\" width=\"169\" height=\"300\" src=\"https:\/\/lhivernu.com\/wp-content\/uploads\/2020\/12\/P1140317-169x300.jpg\" alt=\"\" class=\"wp-image-2411\" srcset=\"https:\/\/lhivernu.com\/wp-content\/uploads\/2020\/12\/P1140317-169x300.jpg 169w, https:\/\/lhivernu.com\/wp-content\/uploads\/2020\/12\/P1140317-575x1024.jpg 575w, https:\/\/lhivernu.com\/wp-content\/uploads\/2020\/12\/P1140317-768x1367.jpg 768w, https:\/\/lhivernu.com\/wp-content\/uploads\/2020\/12\/P1140317-863x1536.jpg 863w, https:\/\/lhivernu.com\/wp-content\/uploads\/2020\/12\/P1140317-1151x2048.jpg 1151w, https:\/\/lhivernu.com\/wp-content\/uploads\/2020\/12\/P1140317-830x1477.jpg 830w, https:\/\/lhivernu.com\/wp-content\/uploads\/2020\/12\/P1140317-230x409.jpg 230w, https:\/\/lhivernu.com\/wp-content\/uploads\/2020\/12\/P1140317-350x623.jpg 350w, https:\/\/lhivernu.com\/wp-content\/uploads\/2020\/12\/P1140317-480x854.jpg 480w, https:\/\/lhivernu.com\/wp-content\/uploads\/2020\/12\/P1140317-scaled.jpg 1439w\" sizes=\"(max-width: 169px) 100vw, 169px\" \/><\/figure>\n\n\n\n<figure class=\"wp-block-image alignleft\"><img loading=\"lazy\" decoding=\"async\" width=\"169\" height=\"300\" src=\"https:\/\/lhivernu.com\/wp-content\/uploads\/2020\/12\/P1140320-169x300.jpg\" alt=\"\" class=\"wp-image-2412\" srcset=\"https:\/\/lhivernu.com\/wp-content\/uploads\/2020\/12\/P1140320-169x300.jpg 169w, https:\/\/lhivernu.com\/wp-content\/uploads\/2020\/12\/P1140320-575x1024.jpg 575w, https:\/\/lhivernu.com\/wp-content\/uploads\/2020\/12\/P1140320-768x1367.jpg 768w, https:\/\/lhivernu.com\/wp-content\/uploads\/2020\/12\/P1140320-863x1536.jpg 863w, https:\/\/lhivernu.com\/wp-content\/uploads\/2020\/12\/P1140320-1151x2048.jpg 1151w, https:\/\/lhivernu.com\/wp-content\/uploads\/2020\/12\/P1140320-830x1477.jpg 830w, https:\/\/lhivernu.com\/wp-content\/uploads\/2020\/12\/P1140320-230x409.jpg 230w, https:\/\/lhivernu.com\/wp-content\/uploads\/2020\/12\/P1140320-350x623.jpg 350w, https:\/\/lhivernu.com\/wp-content\/uploads\/2020\/12\/P1140320-480x854.jpg 480w, https:\/\/lhivernu.com\/wp-content\/uploads\/2020\/12\/P1140320-scaled.jpg 1439w\" sizes=\"(max-width: 169px) 100vw, 169px\" \/><\/figure>\n","protected":false},"excerpt":{"rendered":"<p>L&rsquo;\u00e9dition 2020 aurait du avoir lieu&nbsp;les vendredi 6 et samedi 7 novembre. En raison du contexte que nous connaissons, les rencontres publiques n&rsquo;ont pu se faire. Nous avons par contre pu, avec les Sc\u00e8nes Crois\u00e9es de Loz\u00e8re, accueillir comme pr\u00e9vu l&rsquo;\u00e9quipe invit\u00e9e :&nbsp;Justine Macadoux, Marie Bouchachourt, Yoris Dutour, Prune Houdoyer, Jean-Pierre Larroche, Bertrand Boulanger, Marc Sollogoub, Deborah Benveniste. D\u00c9SORDRES ! \u00ab\u00a0Nous aimerions durant cet \u00ab\u00a0Acc\u00e8s libre\u00a0\u00bb vous inviter \u00e0 rendre hommage au d\u00e9sordre, lui donner une piste de danse, d\u00e9caler les syllabes, m\u00e9tisser les go\u00fbts, inverser les pas, se mettre \u00e0 nu habill\u00e9, s&rsquo;habiller de nudit\u00e9, se d\u00e9masquer en se masquant et autres jeux. Voil\u00e0 l&rsquo;invitation, sublimer le d\u00e9sordre pour accepter sa n\u00e9cessit\u00e9, l&rsquo;inviter avec plaisir dans le partage et la joie.\u00ab\u00a0 R\u00e9sidence et carte blanche co-accueillies par L&rsquo;hiver nu, les Sc\u00e8nes Crois\u00e9es de Loz\u00e8re et l&rsquo;EPCI Mont-Loz\u00e8re. Belle semaine anim\u00e9e et joyeuses dont voici quelques traces&#8230; &#8211; Merci \u00e0 Loz\u00e8re Nouvelle, pour leur reportage \u00e0 visionner ici&#8211; Merci aussi \u00e0 T\u00e9l\u00e9draille, pour leur reportage \u00e0 voir ici<\/p>\n","protected":false},"author":4,"featured_media":0,"parent":0,"menu_order":0,"comment_status":"closed","ping_status":"closed","template":"","meta":{"_themeisle_gutenberg_block_has_review":false,"footnotes":""},"class_list":["post-3555","page","type-page","status-publish","hentry"],"_links":{"self":[{"href":"https:\/\/lhivernu.com\/index.php\/wp-json\/wp\/v2\/pages\/3555","targetHints":{"allow":["GET"]}}],"collection":[{"href":"https:\/\/lhivernu.com\/index.php\/wp-json\/wp\/v2\/pages"}],"about":[{"href":"https:\/\/lhivernu.com\/index.php\/wp-json\/wp\/v2\/types\/page"}],"author":[{"embeddable":true,"href":"https:\/\/lhivernu.com\/index.php\/wp-json\/wp\/v2\/users\/4"}],"replies":[{"embeddable":true,"href":"https:\/\/lhivernu.com\/index.php\/wp-json\/wp\/v2\/comments?post=3555"}],"version-history":[{"count":2,"href":"https:\/\/lhivernu.com\/index.php\/wp-json\/wp\/v2\/pages\/3555\/revisions"}],"predecessor-version":[{"id":3560,"href":"https:\/\/lhivernu.com\/index.php\/wp-json\/wp\/v2\/pages\/3555\/revisions\/3560"}],"wp:attachment":[{"href":"https:\/\/lhivernu.com\/index.php\/wp-json\/wp\/v2\/media?parent=3555"}],"curies":[{"name":"wp","href":"https:\/\/api.w.org\/{rel}","templated":true}]}}