{"id":3623,"date":"2023-10-16T15:19:17","date_gmt":"2023-10-16T13:19:17","guid":{"rendered":"http:\/\/lhivernu.com\/?page_id=3623"},"modified":"2024-05-21T11:38:48","modified_gmt":"2024-05-21T09:38:48","slug":"acces-libre-2023","status":"publish","type":"page","link":"https:\/\/lhivernu.com\/index.php\/acces-libre-2023\/","title":{"rendered":"Acc\u00e8s Libre 2023"},"content":{"rendered":"\n<figure class=\"wp-block-image size-full is-resized\"><img fetchpriority=\"high\" decoding=\"async\" width=\"591\" height=\"832\" src=\"https:\/\/lhivernu.com\/wp-content\/uploads\/2023\/10\/acces-libre-1-1.png\" alt=\"\" class=\"wp-image-3610\" style=\"aspect-ratio:0.7103365384615384;width:419px;height:auto\" srcset=\"https:\/\/lhivernu.com\/wp-content\/uploads\/2023\/10\/acces-libre-1-1.png 591w, https:\/\/lhivernu.com\/wp-content\/uploads\/2023\/10\/acces-libre-1-1-213x300.png 213w, https:\/\/lhivernu.com\/wp-content\/uploads\/2023\/10\/acces-libre-1-1-230x324.png 230w, https:\/\/lhivernu.com\/wp-content\/uploads\/2023\/10\/acces-libre-1-1-350x493.png 350w, https:\/\/lhivernu.com\/wp-content\/uploads\/2023\/10\/acces-libre-1-1-480x676.png 480w\" sizes=\"(max-width: 591px) 100vw, 591px\" \/><\/figure>\n\n\n\n<div style=\"height:42px\" aria-hidden=\"true\" class=\"wp-block-spacer\"><\/div>\n\n\n\n<p>Acc\u00e8s libre est une carte blanche \u00e0 des artistes de tous horizons.<\/p>\n\n\n\n<p>Chaque ann\u00e9e au mois de novembre, Acc\u00e8s Libre est l\u2019occasion d\u2019inviter une \u00e9quipe dont la cie l\u2019hiver<br>nu se sent proche afin de proposer deux jours de rencontres festives entre artistes et habitant\u00b7e\u00b7s de<br>la vall\u00e9e. Cette ann\u00e9e, la cie accueille Les Arts Oseurs autour de leur spectacle en cr\u00e9ation \u00ab Croire<br>aux fauves \u00bb sur un texte de Nastassja Martin.<\/p>\n\n\n\n<p>Avec ce r\u00e9cit initiatique, l&rsquo;autrice nous invite \u00e0 plonger dans une \u00e9pop\u00e9e intime apr\u00e8s \u00eatre tomb\u00e9e<br>nez \u00e0 nez avec un ours. Ce jour-l\u00e0, le 25 ao\u00fbt 2015, l&rsquo;\u00e9v\u00e9nement n&rsquo;est pas : un ours attaque une<br>anthropologue fran\u00e7aise quelque part dans les montagnes du Kamtchatka. L&rsquo;\u00e9v\u00e9nement est : un ours<br>et une femme se rencontrent et les fronti\u00e8res entre les mondes implosent.<\/p>\n\n\n\n<p>\u201cNous r\u00eavons \u00ab Croire aux fauves \u00bb comme un spectacle-expe\u0301rience, o\u00f9 texte, musique et magie,<br>e\u0301veilleront nos sens pour parler a\u0300 nos intimes autant qu&rsquo;a\u0300 un groupe d&rsquo;humain qui du fond de la nuit,<br>tentera l&rsquo;expe\u0301rience de re\u0302ver a\u0300 un monde aux frontie\u0300res nouvellement de\u0301finies.<br>Pendant cette carte blanche nous avons envie de partager avec vous, les premiers pas de cette<br>exp\u00e9rience, vous faire go\u00fbter \u00e0 la nuit et \u00e0 l&rsquo;improbable, vous faire d\u00e9couvrir le texte sous les \u00e9toiles,<br>vous faire rencontrer tous les \u00eatres qui vont peupler cette aventure : magicien, musiciennes, oiseaux,<br>danseuse, pianos, cuisinier, arbres,\u2026<br>Nous avons saisi au vol et avec un immense plaisir cette proposition de carte blanche parce que nous<br>avons l&rsquo;intuition depuis le d\u00e9but que si \u00ab Croire aux fauves \u00bb sera un spectacle, il sera aussi un<br>carrefour de rencontre entre humains et non-humains, entre art et balades en for\u00eat, sensations et<br>discussions, une ode au vivant !\u201d<\/p>\n\n\n\n<figure class=\"wp-block-image size-large\"><img decoding=\"async\" width=\"1024\" height=\"1024\" src=\"https:\/\/lhivernu.com\/wp-content\/uploads\/2023\/11\/387506790_1017646489523047_5167953219403360827_n-1024x1024.jpg\" alt=\"\" class=\"wp-image-3786\" srcset=\"https:\/\/lhivernu.com\/wp-content\/uploads\/2023\/11\/387506790_1017646489523047_5167953219403360827_n-1024x1024.jpg 1024w, https:\/\/lhivernu.com\/wp-content\/uploads\/2023\/11\/387506790_1017646489523047_5167953219403360827_n-300x300.jpg 300w, https:\/\/lhivernu.com\/wp-content\/uploads\/2023\/11\/387506790_1017646489523047_5167953219403360827_n-150x150.jpg 150w, https:\/\/lhivernu.com\/wp-content\/uploads\/2023\/11\/387506790_1017646489523047_5167953219403360827_n-768x768.jpg 768w, https:\/\/lhivernu.com\/wp-content\/uploads\/2023\/11\/387506790_1017646489523047_5167953219403360827_n-830x830.jpg 830w, https:\/\/lhivernu.com\/wp-content\/uploads\/2023\/11\/387506790_1017646489523047_5167953219403360827_n-230x230.jpg 230w, https:\/\/lhivernu.com\/wp-content\/uploads\/2023\/11\/387506790_1017646489523047_5167953219403360827_n-350x350.jpg 350w, https:\/\/lhivernu.com\/wp-content\/uploads\/2023\/11\/387506790_1017646489523047_5167953219403360827_n-480x480.jpg 480w, https:\/\/lhivernu.com\/wp-content\/uploads\/2023\/11\/387506790_1017646489523047_5167953219403360827_n.jpg 1440w\" sizes=\"(max-width: 1024px) 100vw, 1024px\" \/><\/figure>\n\n\n\n<h2 class=\"wp-block-heading\">Le Programme<\/h2>\n\n\n\n<h3 class=\"wp-block-heading\">Vendredi 10 novembre<\/h3>\n\n\n\n<h5 class=\"wp-block-heading\"><mark style=\"background-color:rgba(0, 0, 0, 0)\" class=\"has-inline-color has-pale-pink-color\">\u00ab Croire aux fauves \u00bb : Sortie de r\u00e9sidence nocturne en for\u00eat \/ Une aventure qui invite la nuit, la musique, le r\u00e9cit, le silence et la magie nouvelle<\/mark><\/h5>\n\n\n\n<p><strong><mark style=\"background-color:rgba(0, 0, 0, 0)\" class=\"has-inline-color has-vivid-cyan-blue-color\">18h30 <\/mark><\/strong> <strong>Accueil du public \u2013 ouverture de la buvette<\/strong><\/p>\n\n\n\n<p><strong><mark style=\"background-color:rgba(0, 0, 0, 0)\" class=\"has-inline-color has-vivid-cyan-blue-color\">19h<\/mark><\/strong> <strong>Echauffons-nous : Marche et soupe sous les \u00e9toiles<\/strong><br>Petite marche nocturne en for\u00eat (30\u2019) \/ Au bout de la balade, une soupe chaude \u00e0 d\u00e9guster et une surprise artistique, pour r\u00e9chauffer oreilles et yeux, c\u0153urs et corps et vous laisser peu \u00e0 peu vous fondre dans la nuit.<br>Nous vous incitons \u00e0 pr\u00e9voir une tenue chaude (plaids et couvertures bienvenus!) et de<br>bonnes chaussures.<\/p>\n\n\n\n<p><strong><mark style=\"background-color:rgba(0, 0, 0, 0)\" class=\"has-inline-color has-vivid-cyan-blue-color\">20h30 <\/mark>\u00ab Croire aux fauves \u00bb &#8211; Sortie de r\u00e9sidence (1h)<\/strong><br>Une com\u00e9dienne, un musicien, son piano et vous ! vous attendent pour une premi\u00e8re<br>\u00e9tape de travail.<\/p>\n\n\n\n<figure class=\"wp-block-gallery has-nested-images columns-default is-cropped wp-block-gallery-1 is-layout-flex wp-block-gallery-is-layout-flex\">\n<figure class=\"wp-block-image size-large\"><img decoding=\"async\" width=\"1024\" height=\"1024\" data-id=\"3779\" src=\"https:\/\/lhivernu.com\/wp-content\/uploads\/2023\/11\/photo1-1024x1024.jpg\" alt=\"\" class=\"wp-image-3779\" srcset=\"https:\/\/lhivernu.com\/wp-content\/uploads\/2023\/11\/photo1-1024x1024.jpg 1024w, https:\/\/lhivernu.com\/wp-content\/uploads\/2023\/11\/photo1-300x300.jpg 300w, https:\/\/lhivernu.com\/wp-content\/uploads\/2023\/11\/photo1-150x150.jpg 150w, https:\/\/lhivernu.com\/wp-content\/uploads\/2023\/11\/photo1-768x768.jpg 768w, https:\/\/lhivernu.com\/wp-content\/uploads\/2023\/11\/photo1-830x830.jpg 830w, https:\/\/lhivernu.com\/wp-content\/uploads\/2023\/11\/photo1-230x230.jpg 230w, https:\/\/lhivernu.com\/wp-content\/uploads\/2023\/11\/photo1-350x350.jpg 350w, https:\/\/lhivernu.com\/wp-content\/uploads\/2023\/11\/photo1-480x480.jpg 480w, https:\/\/lhivernu.com\/wp-content\/uploads\/2023\/11\/photo1.jpg 1536w\" sizes=\"(max-width: 1024px) 100vw, 1024px\" \/><\/figure>\n\n\n\n<figure class=\"wp-block-image size-large\"><img loading=\"lazy\" decoding=\"async\" width=\"1024\" height=\"768\" data-id=\"3780\" src=\"https:\/\/lhivernu.com\/wp-content\/uploads\/2023\/11\/photo3.jpg\" alt=\"\" class=\"wp-image-3780\" srcset=\"https:\/\/lhivernu.com\/wp-content\/uploads\/2023\/11\/photo3.jpg 1024w, https:\/\/lhivernu.com\/wp-content\/uploads\/2023\/11\/photo3-300x225.jpg 300w, https:\/\/lhivernu.com\/wp-content\/uploads\/2023\/11\/photo3-768x576.jpg 768w, https:\/\/lhivernu.com\/wp-content\/uploads\/2023\/11\/photo3-830x623.jpg 830w, https:\/\/lhivernu.com\/wp-content\/uploads\/2023\/11\/photo3-230x173.jpg 230w, https:\/\/lhivernu.com\/wp-content\/uploads\/2023\/11\/photo3-350x263.jpg 350w, https:\/\/lhivernu.com\/wp-content\/uploads\/2023\/11\/photo3-480x360.jpg 480w\" sizes=\"(max-width: 1024px) 100vw, 1024px\" \/><\/figure>\n<\/figure>\n\n\n\n<p><strong><mark style=\"background-color:rgba(0, 0, 0, 0)\" class=\"has-inline-color has-vivid-cyan-blue-color\">21h30 <\/mark>Marche de retour<\/strong><\/p>\n\n\n\n<p><strong><mark style=\"background-color:rgba(0, 0, 0, 0)\" class=\"has-inline-color has-vivid-cyan-blue-color\">22h<\/mark><\/strong> <strong>Vodka, Verveine, Accord\u00e9on<\/strong><br>Retour au Viala pour une fin de soir\u00e9e \u00e0 la bougie !<br>La buvette de la fabrique th\u00e9\u00e2trale vous proposera un choix de boissons et en-cas sucr\u00e9s<br>et sal\u00e9s.<\/p>\n\n\n\n<h3 class=\"wp-block-heading\">Samedi 11 novembre<\/h3>\n\n\n\n<h5 class=\"wp-block-heading\"><mark style=\"background-color:rgba(0, 0, 0, 0)\" class=\"has-inline-color has-pale-pink-color\">Une travers\u00e9e\u2026<\/mark><\/h5>\n\n\n\n<p><strong><mark style=\"background-color:rgba(0, 0, 0, 0)\" class=\"has-inline-color has-vivid-cyan-blue-color\">14h<\/mark> Nous vous attendons au Viala pour deux propositions au choix :<\/strong><\/p>\n\n\n\n<p>&gt;Une Balade naturaliste \u00e0 la d\u00e9couverte de la for\u00eat et de la vall\u00e9e qui entoure le viala (2h)<\/p>\n\n\n\n<p>&gt;Un Atelier cuisine avec Xavier Jeanroy \u00e0 la Fabrique du Viala (1h30)<br>Laissez vous embarquer dans l\u2019imaginaire de notre cuisto-artiste pr\u00e9f\u00e9r\u00e9 et pr\u00e9parez avec lui des surprises culinaires qui agr\u00e9menteront le banquet du soir.<\/p>\n\n\n\n<p><strong><mark style=\"background-color:rgba(0, 0, 0, 0)\" class=\"has-inline-color has-vivid-cyan-blue-color\">16h<\/mark> Go\u00fbter au vent sur touche de Piano par Renaud Gr\u00e9millon (45\u2019)<br><\/strong>A la fin de la balade ou de l&rsquo;atelier cuisine, Renaud vous donne rendez-vous pour un concert de piano au c\u0153ur des arbres. Il y aura des compositions du spectacle \u00ab H\u00e9ro\u00efne \u00bb et du futur spectacle \u00ab Croire aux Fauves \u00bb. Des m\u00e9lodies pour les humains et pour les non humains.<\/p>\n\n\n\n<p>Accessible en voiture, le lieu de rendez-vous est encore tenu myst\u00e9rieux\u2026.<\/p>\n\n\n\n<p><strong><mark style=\"background-color:rgba(0, 0, 0, 0)\" class=\"has-inline-color has-vivid-cyan-blue-color\">17h<\/mark> Travers\u00e9e par les Arts Oseurs et la Cie Le plus petit espace possible<br><\/strong>D\u00e9ambulation pour chemins, \u00e0 bord d\u2019un piano-bateau, escort\u00e9 des cuivres et de la douce folie de la Fanfare d&rsquo;occasion. Retour \u00e0 la Fabrique Th\u00e9\u00e2tr\u00e2le du Viala.<\/p>\n\n\n\n<p><strong><mark style=\"background-color:rgba(0, 0, 0, 0)\" class=\"has-inline-color has-vivid-cyan-blue-color\">18h<\/mark> Performance de Estelle Ntsende, com\u00e9dienne dans \u00ab Croire aux fauves \u00bb<br><\/strong>Krumpeuse, com\u00e9dienne, metteuse en sc\u00e8ne\u2026 ce sera l&rsquo;occasion de d\u00e9couvrir une artiste pluridisciplinaire autour d&rsquo;une performance cr\u00e9\u00e9e pour l\u2019occasion, suivie d&rsquo;une rencontre.<br><strong><mark style=\"background-color:rgba(0, 0, 0, 0)\" class=\"has-inline-color has-vivid-cyan-blue-color\">19h<\/mark> Ap\u00e9ro<\/strong><\/p>\n\n\n\n<p><strong><mark style=\"background-color:rgba(0, 0, 0, 0)\" class=\"has-inline-color has-vivid-cyan-blue-color\">19h30 <\/mark>\u00ab La Femme Pavillon \u00bb de la Cie Le plus petite espace possible &#8211; <\/strong><\/p>\n\n\n\n<figure class=\"wp-block-image aligncenter size-full is-resized\"><img loading=\"lazy\" decoding=\"async\" width=\"720\" height=\"720\" src=\"https:\/\/lhivernu.com\/wp-content\/uploads\/2023\/11\/photo5.jpg\" alt=\"\" class=\"wp-image-3782\" style=\"aspect-ratio:1;width:370px;height:auto\" srcset=\"https:\/\/lhivernu.com\/wp-content\/uploads\/2023\/11\/photo5.jpg 720w, https:\/\/lhivernu.com\/wp-content\/uploads\/2023\/11\/photo5-300x300.jpg 300w, https:\/\/lhivernu.com\/wp-content\/uploads\/2023\/11\/photo5-150x150.jpg 150w, https:\/\/lhivernu.com\/wp-content\/uploads\/2023\/11\/photo5-230x230.jpg 230w, https:\/\/lhivernu.com\/wp-content\/uploads\/2023\/11\/photo5-350x350.jpg 350w, https:\/\/lhivernu.com\/wp-content\/uploads\/2023\/11\/photo5-480x480.jpg 480w\" sizes=\"(max-width: 720px) 100vw, 720px\" \/><\/figure>\n\n\n\n<p><strong>Acte po\u00e9tique en zone sonore !<br><\/strong>Trois femmes orchestres bien camp\u00e9es dans un face \u00e0 face assum\u00e9, offrent envol\u00e9es<br>musicales, notes chuchot\u00e9es, ou punk endiabl\u00e9. La vie vivante et les femmes puissantes, la<br>c\u00e9r\u00e9monie humaine et la convocation animale.<\/p>\n\n\n\n<p><strong><mark style=\"background-color:rgba(0, 0, 0, 0)\" class=\"has-inline-color has-vivid-cyan-blue-color\">21h <\/mark>Banquet festif \u2013 Prix libre<br><\/strong>Un banquet pr\u00e9par\u00e9 par les b\u00e9n\u00e9voles du Viala, agr\u00e9ment\u00e9 de surprises culinaires concoct\u00e9es par Xavier et les participants de l\u2019atelier cuisine.<br>Repas v\u00e9g\u00e9tarien et b\u0153uf musical avec les musicien\u00b7nes des Arts Oseurs et de la Cie Le plus petit espace possible !<\/p>\n\n\n\n<figure class=\"wp-block-image aligncenter size-large is-resized\"><img loading=\"lazy\" decoding=\"async\" width=\"1024\" height=\"1024\" src=\"https:\/\/lhivernu.com\/wp-content\/uploads\/2023\/11\/photo2-1024x1024.jpg\" alt=\"\" class=\"wp-image-3784\" style=\"aspect-ratio:1;width:410px;height:auto\" srcset=\"https:\/\/lhivernu.com\/wp-content\/uploads\/2023\/11\/photo2-1024x1024.jpg 1024w, https:\/\/lhivernu.com\/wp-content\/uploads\/2023\/11\/photo2-300x300.jpg 300w, https:\/\/lhivernu.com\/wp-content\/uploads\/2023\/11\/photo2-150x150.jpg 150w, https:\/\/lhivernu.com\/wp-content\/uploads\/2023\/11\/photo2-768x768.jpg 768w, https:\/\/lhivernu.com\/wp-content\/uploads\/2023\/11\/photo2-830x830.jpg 830w, https:\/\/lhivernu.com\/wp-content\/uploads\/2023\/11\/photo2-230x230.jpg 230w, https:\/\/lhivernu.com\/wp-content\/uploads\/2023\/11\/photo2-350x350.jpg 350w, https:\/\/lhivernu.com\/wp-content\/uploads\/2023\/11\/photo2-480x480.jpg 480w, https:\/\/lhivernu.com\/wp-content\/uploads\/2023\/11\/photo2.jpg 1536w\" sizes=\"(max-width: 1024px) 100vw, 1024px\" \/><\/figure>\n\n\n\n<div style=\"height:39px\" aria-hidden=\"true\" class=\"wp-block-spacer\"><\/div>\n\n\n\n<p>La Fabrique Th\u00e9\u00e2trale du Viala \u2013 Le Viala 48000 Lanu\u00e9jols<br>A partir de 12 ans<br>Entr\u00e9e libre<br>Pr\u00e9voir bonnes chaussures, v\u00eatements chauds, et pour le vendredi des couvertures, plaids\u2026<br><strong>R\u00e9servations : Sc\u00e8nes Crois\u00e9es : 04 66 65 75 75 \/ billetterie@scenescroisees.fr<\/strong><\/p>\n","protected":false},"excerpt":{"rendered":"<p>Acc\u00e8s libre est une carte blanche \u00e0 des artistes de tous horizons. Chaque ann\u00e9e au mois de novembre, Acc\u00e8s Libre est l\u2019occasion d\u2019inviter une \u00e9quipe dont la cie l\u2019hivernu se sent proche afin de proposer deux jours de rencontres festives entre artistes et habitant\u00b7e\u00b7s dela vall\u00e9e. Cette ann\u00e9e, la cie accueille Les Arts Oseurs autour de leur spectacle en cr\u00e9ation \u00ab Croireaux fauves \u00bb sur un texte de Nastassja Martin. Avec ce r\u00e9cit initiatique, l&rsquo;autrice nous invite \u00e0 plonger dans une \u00e9pop\u00e9e intime apr\u00e8s \u00eatre tomb\u00e9enez \u00e0 nez avec un ours. Ce jour-l\u00e0, le 25 ao\u00fbt 2015, l&rsquo;\u00e9v\u00e9nement n&rsquo;est pas : un ours attaque uneanthropologue fran\u00e7aise quelque part dans les montagnes du Kamtchatka. L&rsquo;\u00e9v\u00e9nement est : un ourset une femme se rencontrent et les fronti\u00e8res entre les mondes implosent. \u201cNous r\u00eavons \u00ab Croire aux fauves \u00bb comme un spectacle-expe\u0301rience, o\u00f9 texte, musique et magie,e\u0301veilleront nos sens pour parler a\u0300 nos intimes autant qu&rsquo;a\u0300 un groupe d&rsquo;humain qui du fond de la nuit,tentera l&rsquo;expe\u0301rience de re\u0302ver a\u0300 un monde aux frontie\u0300res nouvellement de\u0301finies.Pendant cette carte blanche nous avons envie de partager avec vous, les premiers pas de cetteexp\u00e9rience, vous faire go\u00fbter \u00e0 la nuit et \u00e0 l&rsquo;improbable, vous faire d\u00e9couvrir le [&hellip;]<\/p>\n","protected":false},"author":4,"featured_media":0,"parent":0,"menu_order":0,"comment_status":"closed","ping_status":"closed","template":"","meta":{"_themeisle_gutenberg_block_has_review":false,"footnotes":""},"class_list":["post-3623","page","type-page","status-publish","hentry"],"_links":{"self":[{"href":"https:\/\/lhivernu.com\/index.php\/wp-json\/wp\/v2\/pages\/3623","targetHints":{"allow":["GET"]}}],"collection":[{"href":"https:\/\/lhivernu.com\/index.php\/wp-json\/wp\/v2\/pages"}],"about":[{"href":"https:\/\/lhivernu.com\/index.php\/wp-json\/wp\/v2\/types\/page"}],"author":[{"embeddable":true,"href":"https:\/\/lhivernu.com\/index.php\/wp-json\/wp\/v2\/users\/4"}],"replies":[{"embeddable":true,"href":"https:\/\/lhivernu.com\/index.php\/wp-json\/wp\/v2\/comments?post=3623"}],"version-history":[{"count":7,"href":"https:\/\/lhivernu.com\/index.php\/wp-json\/wp\/v2\/pages\/3623\/revisions"}],"predecessor-version":[{"id":3787,"href":"https:\/\/lhivernu.com\/index.php\/wp-json\/wp\/v2\/pages\/3623\/revisions\/3787"}],"wp:attachment":[{"href":"https:\/\/lhivernu.com\/index.php\/wp-json\/wp\/v2\/media?parent=3623"}],"curies":[{"name":"wp","href":"https:\/\/api.w.org\/{rel}","templated":true}]}}