{"id":3665,"date":"2023-10-31T15:19:36","date_gmt":"2023-10-31T14:19:36","guid":{"rendered":"http:\/\/lhivernu.com\/?page_id=3665"},"modified":"2024-05-21T11:38:34","modified_gmt":"2024-05-21T09:38:34","slug":"semaine-de-la-marionnette-2024","status":"publish","type":"page","link":"https:\/\/lhivernu.com\/index.php\/semaine-de-la-marionnette-2024\/","title":{"rendered":"Semaine de la marionnette et des formes anim\u00e9es &#8211; 2024"},"content":{"rendered":"\n<p>Une semaine avec la Cie 36 du mois dans la vall\u00e9e du Valdonnez<\/p>\n\n\n\n<h1 class=\"wp-block-heading\">18 &gt; 22 mars EXPOSITION VARIATIONS<\/h1>\n\n\n\n<p>Installations d\u2019oeuvres anim\u00e9es par des automates dans les villages du Vadonnez.<br>Au restaurant O Bram\u2019s \u00e0 St \u00e9tienne du Valdonnez, \u00e0 l\u2019\u00e9cole de Lanu\u00e9jols, \u00e0 la salle des F\u00eates et \u00e0 la Bergerie<br>de Langlade Brenoux, \u00e0 Saint Bauzile. En acc\u00e8s libre, pour tous publics.<\/p>\n\n\n\n<h1 class=\"wp-block-heading\">Sam 23 mars Spectacle de marionnettes et banquet<\/h1>\n\n\n\n<p>AU PROGRAMME : . 16H. Atelier fabrique de paysage<br>. 17h. Exposition Variation<br>. 18h. Spectacle \u00ab On \u00e9tait une fois \u00bb<br>. 20h30 Banquet (participation libre et consciente)<br>Ev\u00e9nement co-accueilli avec Les sc\u00e8nes crois\u00e9es de Loz\u00e8re et l\u2019EPCI Mont-Loz\u00e8re<\/p>\n\n\n\n<p>18H ON \u00c9TAIT UNE FOIS : M\u00e9lange inventif et intuitif de bricolage, de<br>bidouille et d\u2019informatique, cette recherche artistique vise avant tout la justesse et<br>la pertinence du mouvement. Entre bouts de ficelle et robotique s\u2019ouvre un champ<br>po\u00e9tique et sensible illimit\u00e9.<br>Le r\u00e9sultat obtenu est proche du cin\u00e9ma d\u2019animation : mais ici, pas de pixel, pas<br>d\u2019\u00e9cran, pas de distance ni de projection ; les personnages sont \u201cl\u00e0\u201d, la mati\u00e8re<br>prend vie sous nos yeux, maintenant.<br>\u00c9criture, mise en sc\u00e8ne, musique : Emmanuel Audibert, Accompagnement artistique : Mathilde Henry,<br>Collaboration \u00e0 la dramaturgie : Jennifer Lauro-Mariani, Arrangements musicaux :Gilles Stroch,<br>Complicit\u00e9s : Jean-Louis Heckel, Jo\u00eblle Nogues et Sylviane Manuel<br>Tarif Unique 6 euros. \u00c0 partir de 7 ans<br><\/p>\n","protected":false},"excerpt":{"rendered":"<p>Une semaine avec la Cie 36 du mois dans la vall\u00e9e du Valdonnez 18 &gt; 22 mars EXPOSITION VARIATIONS Installations d\u2019oeuvres anim\u00e9es par des automates dans les villages du Vadonnez.Au restaurant O Bram\u2019s \u00e0 St \u00e9tienne du Valdonnez, \u00e0 l\u2019\u00e9cole de Lanu\u00e9jols, \u00e0 la salle des F\u00eates et \u00e0 la Bergeriede Langlade Brenoux, \u00e0 Saint Bauzile. En acc\u00e8s libre, pour tous publics. Sam 23 mars Spectacle de marionnettes et banquet AU PROGRAMME : . 16H. Atelier fabrique de paysage. 17h. Exposition Variation. 18h. Spectacle \u00ab On \u00e9tait une fois \u00bb. 20h30 Banquet (participation libre et consciente)Ev\u00e9nement co-accueilli avec Les sc\u00e8nes crois\u00e9es de Loz\u00e8re et l\u2019EPCI Mont-Loz\u00e8re 18H ON \u00c9TAIT UNE FOIS : M\u00e9lange inventif et intuitif de bricolage, debidouille et d\u2019informatique, cette recherche artistique vise avant tout la justesse etla pertinence du mouvement. Entre bouts de ficelle et robotique s\u2019ouvre un champpo\u00e9tique et sensible illimit\u00e9.Le r\u00e9sultat obtenu est proche du cin\u00e9ma d\u2019animation : mais ici, pas de pixel, pasd\u2019\u00e9cran, pas de distance ni de projection ; les personnages sont \u201cl\u00e0\u201d, la mati\u00e8reprend vie sous nos yeux, maintenant.\u00c9criture, mise en sc\u00e8ne, musique : Emmanuel Audibert, Accompagnement artistique : Mathilde Henry,Collaboration \u00e0 la dramaturgie : Jennifer Lauro-Mariani, Arrangements musicaux :Gilles Stroch,Complicit\u00e9s : [&hellip;]<\/p>\n","protected":false},"author":4,"featured_media":0,"parent":0,"menu_order":0,"comment_status":"closed","ping_status":"closed","template":"","meta":{"_themeisle_gutenberg_block_has_review":false,"footnotes":""},"class_list":["post-3665","page","type-page","status-publish","hentry"],"_links":{"self":[{"href":"https:\/\/lhivernu.com\/index.php\/wp-json\/wp\/v2\/pages\/3665","targetHints":{"allow":["GET"]}}],"collection":[{"href":"https:\/\/lhivernu.com\/index.php\/wp-json\/wp\/v2\/pages"}],"about":[{"href":"https:\/\/lhivernu.com\/index.php\/wp-json\/wp\/v2\/types\/page"}],"author":[{"embeddable":true,"href":"https:\/\/lhivernu.com\/index.php\/wp-json\/wp\/v2\/users\/4"}],"replies":[{"embeddable":true,"href":"https:\/\/lhivernu.com\/index.php\/wp-json\/wp\/v2\/comments?post=3665"}],"version-history":[{"count":3,"href":"https:\/\/lhivernu.com\/index.php\/wp-json\/wp\/v2\/pages\/3665\/revisions"}],"predecessor-version":[{"id":3954,"href":"https:\/\/lhivernu.com\/index.php\/wp-json\/wp\/v2\/pages\/3665\/revisions\/3954"}],"wp:attachment":[{"href":"https:\/\/lhivernu.com\/index.php\/wp-json\/wp\/v2\/media?parent=3665"}],"curies":[{"name":"wp","href":"https:\/\/api.w.org\/{rel}","templated":true}]}}