{"id":4027,"date":"2024-04-18T12:28:40","date_gmt":"2024-04-18T10:28:40","guid":{"rendered":"https:\/\/lhivernu.com\/?page_id=4027"},"modified":"2026-04-16T11:35:05","modified_gmt":"2026-04-16T09:35:05","slug":"un-pas-au-milieu-des-dragons","status":"publish","type":"page","link":"https:\/\/lhivernu.com\/index.php\/un-pas-au-milieu-des-dragons\/","title":{"rendered":"Un pas au milieu des dragons #2"},"content":{"rendered":"\t\t<div data-elementor-type=\"wp-page\" data-elementor-id=\"4027\" class=\"elementor elementor-4027\">\n\t\t\t\t\t\t<section class=\"elementor-section elementor-top-section elementor-element elementor-element-5a357788 elementor-section-boxed elementor-section-height-default elementor-section-height-default\" data-id=\"5a357788\" data-element_type=\"section\" data-e-type=\"section\">\n\t\t\t\t\t\t<div class=\"elementor-container elementor-column-gap-default\">\n\t\t\t\t\t<div class=\"elementor-column elementor-col-100 elementor-top-column elementor-element elementor-element-6508788c\" data-id=\"6508788c\" data-element_type=\"column\" data-e-type=\"column\">\n\t\t\t<div class=\"elementor-widget-wrap elementor-element-populated\">\n\t\t\t\t\t\t<div class=\"elementor-element elementor-element-79474d3c elementor-widget elementor-widget-text-editor\" data-id=\"79474d3c\" data-element_type=\"widget\" data-e-type=\"widget\" data-widget_type=\"text-editor.default\">\n\t\t\t\t<div class=\"elementor-widget-container\">\n\t\t\t\t\t\t\t\t\t\n<h2 class=\"wp-block-heading\"><span style=\"color: #ffcc00;\">Cr\u00e9ation 2018<\/span><\/h2>\n\n<p><strong><span style=\"color: #333333;\">Cr\u00e9ation 10 Novembre 2018<\/span> <span style=\"color: #ffcc00;\">\u00e0 <a style=\"color: #ffcc00;\" href=\"http:\/\/www.lagenetteverte.fr\/\" target=\"_blank\" rel=\"noopener noreferrer\">la Genette verte<\/a> (Florac 48)<\/span><\/strong><\/p>\n\n<figure class=\"wp-block-image size-large\"><a href=\"https:\/\/lhivernu.com\/wp-content\/uploads\/2022\/04\/scenescroisees-36-scaled.jpg\"><img fetchpriority=\"high\" decoding=\"async\" class=\"alignnone wp-image-2969\" src=\"https:\/\/lhivernu.com\/wp-content\/uploads\/2022\/04\/scenescroisees-36-1024x683.jpg\" alt=\"\" width=\"1024\" height=\"683\" srcset=\"https:\/\/lhivernu.com\/wp-content\/uploads\/2022\/04\/scenescroisees-36-1024x683.jpg 1024w, https:\/\/lhivernu.com\/wp-content\/uploads\/2022\/04\/scenescroisees-36-300x200.jpg 300w, https:\/\/lhivernu.com\/wp-content\/uploads\/2022\/04\/scenescroisees-36-768x512.jpg 768w, https:\/\/lhivernu.com\/wp-content\/uploads\/2022\/04\/scenescroisees-36-391x260.jpg 391w, https:\/\/lhivernu.com\/wp-content\/uploads\/2022\/04\/scenescroisees-36-1536x1024.jpg 1536w, https:\/\/lhivernu.com\/wp-content\/uploads\/2022\/04\/scenescroisees-36-2048x1365.jpg 2048w, https:\/\/lhivernu.com\/wp-content\/uploads\/2022\/04\/scenescroisees-36-830x553.jpg 830w, https:\/\/lhivernu.com\/wp-content\/uploads\/2022\/04\/scenescroisees-36-230x153.jpg 230w, https:\/\/lhivernu.com\/wp-content\/uploads\/2022\/04\/scenescroisees-36-350x233.jpg 350w, https:\/\/lhivernu.com\/wp-content\/uploads\/2022\/04\/scenescroisees-36-480x320.jpg 480w\" sizes=\"(max-width: 1024px) 100vw, 1024px\" \/><\/a><\/figure>\n\n<p class=\"has-text-align-left\"><span style=\"color: #000000;\"><em>Cr\u00e9dit Photo : Mat Jacob<\/em><\/span><\/p>\n\n<p><span style=\"color: #000000;\">Un pas au milieu des dragons est un <strong>diptyque th\u00e9\u00e2tral<\/strong> qui c<\/span><span style=\"color: #000000;\">onstitue l\u2019aboutissement d\u2019une recherche sur la question de la catastrophe &#8211; \u00e9cologique, soci\u00e9tale, \u00e9conomique.<\/span><br \/><span style=\"color: #000000;\"> Nous y interrogeons avec humour et po\u00e9sie notre pens\u00e9e rationnelle occidentale, une raison dominante m\u00e2le et blanche, qui a cr\u00e9\u00e9 un monde de la \u00ab mise \u00e0 distance \u00bb, fond\u00e9e sur les notions de progr\u00e8s, de savoirs comp\u00e9tents et de rationalit\u00e9 comptable.<\/span><\/p>\n\n<p><span style=\"color: #000000;\"><em>\u00ab (\u2026) pour le moment ce qui \u00e9crase ceux qui se disent \u00ab \u00e7a s\u2019arrangera \u00bb, c\u2019est un grand sentiment d\u2019impuissance. Or le sens du possible, \u00e7a provient justement de mots, de chants, de mani\u00e8res de rire et pas de se lamenter. La tristesse, c\u2019est l\u2019impuissance. \u00bb<\/em><\/span><br \/><span style=\"color: #000000;\"> Isabelle Stengers, interview, 2013<\/span><\/p>\n\n<h3 class=\"wp-block-heading\"><span style=\"color: #ffcc00;\"><strong>Dragons #2<\/strong> <\/span><\/h3>\n\n<p><span style=\"color: #333333;\"><strong>(th\u00e9\u00e2tre et ombres)<\/strong><\/span><\/p>\n\n<p><span style=\"color: #000000;\">Conception \u2013 <span style=\"color: #ffcc00;\">Baptiste Etard et Claire Perraudeau<\/span><\/span><br \/><span style=\"color: #000000;\">Mise en sc\u00e8ne et sc\u00e9nographie <strong>\u2013<\/strong> <span style=\"color: #ffcc00;\">Baptiste Etard<\/span> \/ Dramaturgie \u2013 <span style=\"color: #ffcc00;\">Jean-Luc Vincent<\/span><\/span><br \/><span style=\"color: #000000;\">Jeu \u2013 <span style=\"color: #ffcc00;\">Sandrine Barciet, Rapha\u00eblle Gr\u00e9lin, Claire Perraudeau, Laur\u00e9lie Riffault<br \/><\/span>Lumi\u00e8re et cr\u00e9ation d\u2019image :<\/span>\u00a0<span style=\"color: #000000;\"><span style=\"color: #ffcc00;\">Perrine Cado et Julien Paulhiac \u2028<\/span><\/span>\/ <span style=\"color: #000000;\">Construction marionnettes et sc\u00e9nographie :<span style=\"color: #ffcc00;\"> Anne-Laure Baudin, Antonin Etard<br \/><\/span><\/span><\/p>\n\n<p><span style=\"color: #333333;\"><span style=\"color: #000000;\">Cinq salari\u00e9es d\u2019un atelier de construction de <\/span><\/span><span style=\"color: #333333;\"><span style=\"color: #000000;\">chalets pr\u00e9fabriqu\u00e9s arrivent un matin sur leur lieu de travail. Les machines ont disparu ainsi que le patron. Ne reste dans l\u2019atelier qu\u2019une ossature bois d\u2019un chalet inachev\u00e9. Cinq femmes errent au milieu de cette carcasse de bois, et s\u2019interrogent : et maintenant que fait-on ?<\/span><br \/><\/span><\/p>\n<p><span style=\"color: #333333;\"><span style=\"color: #000000;\">Elles pourraient baisser la t\u00eate et chercher un autre boulot, elles pourraient se battre dans le cadre de la l\u00e9galit\u00e9 et de la justice, elles choisissent une troisi\u00e8me voie : elles d\u00e9cident de rester dans ces murs et d\u2019occuper le lieu en ignorant le monde qui les a fait disparaitre.<\/span><br \/><\/span><\/p>\n<p><span style=\"color: #333333;\"><span style=\"color: #000000;\">Elles choisissent de s\u2019enfermer et de chercher une r\u00e9ponse en elles, entre elles. Elles restent l\u00e0 comme on veille un mort. Cette attente \u00e0 la limite du rituel les m\u00e8ne \u00e0 se r\u00e9approprier la seule chose qu\u2019il leur reste, le r\u00e9cit.<\/span><br \/><\/span><\/p>\n<p><span style=\"color: #333333;\"><span style=\"color: #000000;\">Tandis que le monde ext\u00e9rieur frappe aux portes de plus en plus violement (familles, CRS&#8230;), elles se racontent des histoires, et font de cette premi\u00e8re nuit une f\u00eate, m\u00ealant leurs interrogations \u00e0 d\u2019autres luttes, pass\u00e9es ou pr\u00e9sentes.<\/span><\/span><\/p>\n<p><span style=\"color: #333333;\"><span style=\"color: #000000;\">C\u2019est ici que la sc\u00e9nographie devient centrale. Non pas d\u00e9cor, mais \u00ab personnage \u00bb, appui de jeu, la structure devient lanterne magique, support de projections des contes. Elle prend vie et fait na\u00eetre des images kal\u00e9idoscopiques.<\/span><\/span><\/p>\n\n<p><span style=\"color: #ffcc00;\"><br \/><span style=\"color: #000000;\"> Dragons#2 a \u00e9t\u00e9 cr\u00e9\u00e9 les 10 et 13 novembre 2<\/span><\/span><\/p>\n\n<p><span style=\"color: #ffcc00;\"><span style=\"color: #000000;\">018 \u00e0 La Genette Verte \u00e0 Florac et au Th\u00e9\u00e2tre de Mende<\/span><\/span><\/p>\n\n<figure class=\"wp-block-video\"><video src=\"https:\/\/lhivernu.com\/wp-content\/uploads\/2023\/12\/Un-pas-au-milieu-des-dragons-2-.mp4\" poster=\"https:\/\/lhivernu.com\/wp-content\/uploads\/2017\/10\/dragons1.jpg\" controls=\"controls\" width=\"300\" height=\"150\"><\/video><\/figure>\n\n<h3 class=\"wp-block-heading\">&#8211;<\/h3>\n\n<p><span style=\"color: #ffcc00;\">Production <span style=\"color: #000000;\">&#8211; Cie L&rsquo;hiver nu<\/span><\/span><\/p>\n\n<p><span style=\"color: #ffcc00;\">Coproduction<\/span> <span style=\"color: #333333;\">\u2013 <span style=\"color: #000000;\">Sc\u00e8nes Crois\u00e9es de Loz\u00e8re, Collectif En Jeux (Charte d\u2019exp\u00e9rimentation et d\u2019accompagnement \u00e9conomique et structurel des oeuvres cr\u00e9\u00e9es en Occitanie), Th\u00e9\u00e2tre le P\u00e9riscope (N\u00eemes), Th\u00e9\u00e2tre Jules Julien (Toulous<\/span><\/span><span style=\"color: #333333;\"><span style=\"color: #000000;\">e), Ville de Saint Jean de V\u00e9das, l\u2019Atteline \u2013 lieu d\u2019activation Art et Espace public (Montpellier), Ville de Mende, La Genette Verte (Florac)<\/span><\/span><br \/><span style=\"color: #ffcc00;\">Avec le soutien de<\/span> <span style=\"color: #333333;\">\u2013 <span style=\"color: #000000;\">Projet cofinanc\u00e9 par le Fonds Europ\u00e9en Agricole pour le D\u00e9veloppement Rural \u2013 L\u2019Europe investit dans les zones rurales, DRAC Occitanie, R\u00e9gion Occitanie, D\u00e9partement de la Loz\u00e8re, FEADER \u2013 GAL Terres de vie, municipalit\u00e9 de Lanu\u00e9jols, Spedidam, Lilas en Sc\u00e8ne (Paris), le Chai du Terral (Saint Jean de V\u00e9das), la Bulle Bleue (Montpellier), L<\/span><\/span><span style=\"color: #333333;\"><span style=\"color: #000000;\">a Diagonale &#8211; r\u00e9seau Languedoc-Roussillon pour la cr\u00e9ation dans l\u2019espace public.<\/span><\/span><\/p>\n\n<p><span style=\"color: #000000;\">Ce spectacle re\u00e7oit le soutien de R\u00e9seau en sc\u00e8ne Languedoc-Roussillon dans le cadre de son\u00a0accompagnement au collectif en jeux.<\/span><\/p>\n\n<p><span style=\"color: #000000;\">Membres du collectif en jeux\u00a0:\u00a0<a style=\"color: #000000;\" href=\"http:\/\/www.theatre-albarede.fr\/\" data-saferedirecturl=\"https:\/\/www.google.com\/url?hl=fr&amp;q=http:\/\/www.theatre-albarede.fr\/&amp;source=gmail&amp;ust=1520742811406000&amp;usg=AFQjCNEFssDyfQ0OrVxcdrRZ1vGjUlBDBA\">Th\u00e9\u00e2tre Albar\u00e8de<\/a>, Communaut\u00e9 de communes des C\u00e9vennes gangeoises et sum\u00e9moises (34) &#8211;\u00a0<a style=\"color: #000000;\" href=\"http:\/\/bouilloncube.fr\/\" data-saferedirecturl=\"https:\/\/www.google.com\/url?hl=fr&amp;q=http:\/\/bouilloncube.fr\/&amp;source=gmail&amp;ust=1520742811406000&amp;usg=AFQjCNGjQHVgCtq7gj0zglt1PHK6mSeyUw\">Bouillon cube<\/a>\u00a0(34) &#8211;\u00a0<a style=\"color: #000000;\" href=\"http:\/\/www.chaiduterral.com\/\" data-saferedirecturl=\"https:\/\/www.google.com\/url?hl=fr&amp;q=http:\/\/www.chaiduterral.com\/&amp;source=gmail&amp;ust=1520742811406000&amp;usg=AFQjCNEc8K9AyhvfoGz5Jduu_EAXYJnksA\">Chai du Terral<\/a>, Saint-Jean-de-V\u00e9das (34) &#8211;\u00a0<a style=\"color: #000000;\" href=\"http:\/\/www.scenescroisees.fr\/\" data-saferedirecturl=\"https:\/\/www.google.com\/url?hl=fr&amp;q=http:\/\/www.scenescroisees.fr\/&amp;source=gmail&amp;ust=1520742811406000&amp;usg=AFQjCNHkHrHVKiCs4tEUyK2LQyBNDHS-dg\">Sc\u00e8nes crois\u00e9es de Loz\u00e8re<\/a>, Sc\u00e8ne convention\u00e9e pour les \u00e9critures d&rsquo;aujourd&rsquo;hui (48) &#8211;\u00a0<a style=\"color: #000000;\" href=\"http:\/\/theatreleperiscope.blogspirit.com\/\" data-saferedirecturl=\"https:\/\/www.google.com\/url?hl=fr&amp;q=http:\/\/theatreleperiscope.blogspirit.com\/&amp;source=gmail&amp;ust=1520742811406000&amp;usg=AFQjCNGbIYB_kfV7CIbgInqO5fRik2yvQw\">Le P\u00e9riscope<\/a>, N\u00eemes (30) &#8211;\u00a0<a style=\"color: #000000;\" href=\"http:\/\/www.garriguedanserivage.com\/\" data-saferedirecturl=\"https:\/\/www.google.com\/url?hl=fr&amp;q=http:\/\/www.garriguedanserivage.com\/&amp;source=gmail&amp;ust=1520742811406000&amp;usg=AFQjCNEpiro9pCd-joltm4LZzec1xhErpw\">Th\u00e9\u00e2tre en Garrigue<\/a>, Port-la-Nouvelle (11) &#8211;\u00a0<a style=\"color: #000000;\" href=\"http:\/\/www.labullebleue.fr\/\" data-saferedirecturl=\"https:\/\/www.google.com\/url?hl=fr&amp;q=http:\/\/www.labullebleue.fr\/&amp;source=gmail&amp;ust=1520742811406000&amp;usg=AFQjCNG0frMDvw_JdK1pA8PW2q1TJUKcpQ\">La Bulle bleue<\/a>, Montpellier (34) &#8211;\u00a0<a style=\"color: #000000;\" href=\"http:\/\/www.letheatre-narbonne.com\/\" data-saferedirecturl=\"https:\/\/www.google.com\/url?hl=fr&amp;q=http:\/\/www.letheatre-narbonne.com\/&amp;source=gmail&amp;ust=1520742811406000&amp;usg=AFQjCNHkYaAUmIq2NgSC3l9fuXN1kZtzsA\">Th\u00e9\u00e2tre + Cin\u00e9ma, sc\u00e8ne nationale de Narbonne<\/a>\u00a0(11) &#8211;\u00a0<a style=\"color: #000000;\" href=\"http:\/\/theatre-sorano.fr\/\" data-saferedirecturl=\"https:\/\/www.google.com\/url?hl=fr&amp;q=http:\/\/theatre-sorano.fr\/&amp;source=gmail&amp;ust=1520742811406000&amp;usg=AFQjCNG3vPdW4Ymsvvm_w95B7VWDJYVeIg\">Th\u00e9\u00e2tre Sorano<\/a>, Toulouse (31) &#8211;\u00a0<a style=\"color: #000000;\" href=\"http:\/\/www.grand-rond.org\/index.php?module=grandrond\" data-saferedirecturl=\"https:\/\/www.google.com\/url?hl=fr&amp;q=http:\/\/www.grand-rond.org\/index.php?module%3Dgrandrond&amp;source=gmail&amp;ust=1520742811406000&amp;usg=AFQjCNGzfr37_w2BDcePx6uPfGAXepCpNQ\">Th\u00e9\u00e2tre du Grand Rond<\/a>, Toulouse (31) &#8211;\u00a0<a style=\"color: #000000;\" href=\"http:\/\/la-grainerie.net\/\" data-saferedirecturl=\"https:\/\/www.google.com\/url?hl=fr&amp;q=http:\/\/la-grainerie.net\/&amp;source=gmail&amp;ust=1520742811406000&amp;usg=AFQjCNFwxwzGCOxdyLwWSDPpfLoK2J0jOw\">La Grainerie<\/a>, fabrique des arts du cirque et de l&rsquo;itin\u00e9rance, Balma (31) &#8211;\u00a0<a style=\"color: #000000;\" href=\"http:\/\/theatredelusine-saintcere.com\/\" data-saferedirecturl=\"https:\/\/www.google.com\/url?hl=fr&amp;q=http:\/\/theatredelusine-saintcere.com\/&amp;source=gmail&amp;ust=1520742811406000&amp;usg=AFQjCNHhSrGsozDy1lLWPUpph8RnNlLyNw\">Th\u00e9\u00e2tre de l\u2019Usine<\/a>, sc\u00e8ne conventionn\u00e9e pour le th\u00e9\u00e2tre et le th\u00e9\u00e2tre musical, Figeac \/ Saint-C\u00e9r\u00e9 (46) &#8211;\u00a0<a style=\"color: #000000;\" href=\"http:\/\/www.kiasma-agora.com\/\" data-saferedirecturl=\"https:\/\/www.google.com\/url?hl=fr&amp;q=http:\/\/www.kiasma-agora.com\/&amp;source=gmail&amp;ust=1520742811406000&amp;usg=AFQjCNHu4h334l7olROWIKzGO0MFLDtmlA\">Kiasma &#8211; Agora<\/a>, Castelnau-le-Lez et Le Cr\u00e8s (34) &#8211;\u00a0<a style=\"color: #000000;\" href=\"http:\/\/www.theatredesete.com\/\" data-saferedirecturl=\"https:\/\/www.google.com\/url?hl=fr&amp;q=http:\/\/www.theatredesete.com\/&amp;source=gmail&amp;ust=1520742811406000&amp;usg=AFQjCNFOGPUjihrrLFJHDm5XzAZhkyApiQ\">Sc\u00e8ne nationale de S\u00e8te et du Bassin de Thau<\/a>\u00a0(34) &#8211;\u00a0<a style=\"color: #000000;\" href=\"https:\/\/mjcrodez.fr\/\" data-saferedirecturl=\"https:\/\/www.google.com\/url?hl=fr&amp;q=https:\/\/mjcrodez.fr\/&amp;source=gmail&amp;ust=1520742811406000&amp;usg=AFQjCNFBZ-hXqJoRVyJ3AQv6Vp6t_4bnrg\">MJC de Rodez<\/a>\u00a0(12) &#8211;\u00a0<a style=\"color: #000000;\" href=\"http:\/\/www.maisondupeuplemillau.fr\/\" data-saferedirecturl=\"https:\/\/www.google.com\/url?hl=fr&amp;q=http:\/\/www.maisondupeuplemillau.fr\/&amp;source=gmail&amp;ust=1520742811406000&amp;usg=AFQjCNHHK6G-JkoSzU6Z7WG50NUpzoIeZw\">Th\u00e9\u00e2tre de la Maison du Peuple<\/a>, Millau (12) &#8211;\u00a0<a style=\"color: #000000;\" href=\"http:\/\/julesjulien.toulouse.fr\/\" data-saferedirecturl=\"https:\/\/www.google.com\/url?hl=fr&amp;q=http:\/\/julesjulien.toulouse.fr\/&amp;source=gmail&amp;ust=1520742811406000&amp;usg=AFQjCNE4CFi9w2qAU0DrpzyUYfoeHj629w\">Th\u00e9\u00e2tre Jules Julien<\/a>, Toulouse (31)<\/span><\/p>\n\n<figure class=\"wp-block-image aligncenter\"><img decoding=\"async\" width=\"300\" height=\"74\" class=\"wp-image-1995\" src=\"https:\/\/lhivernu.com\/wp-content\/uploads\/2020\/04\/oc-1810-ComarquageFE-UE-LEADER-REG-Vect-e1586270550726-300x74.jpg\" alt=\"\" srcset=\"https:\/\/lhivernu.com\/wp-content\/uploads\/2020\/04\/oc-1810-ComarquageFE-UE-LEADER-REG-Vect-e1586270550726-300x74.jpg 300w, https:\/\/lhivernu.com\/wp-content\/uploads\/2020\/04\/oc-1810-ComarquageFE-UE-LEADER-REG-Vect-e1586270550726-768x190.jpg 768w, https:\/\/lhivernu.com\/wp-content\/uploads\/2020\/04\/oc-1810-ComarquageFE-UE-LEADER-REG-Vect-e1586270550726-1024x253.jpg 1024w, https:\/\/lhivernu.com\/wp-content\/uploads\/2020\/04\/oc-1810-ComarquageFE-UE-LEADER-REG-Vect-e1586270550726-830x205.jpg 830w, https:\/\/lhivernu.com\/wp-content\/uploads\/2020\/04\/oc-1810-ComarquageFE-UE-LEADER-REG-Vect-e1586270550726-230x57.jpg 230w, https:\/\/lhivernu.com\/wp-content\/uploads\/2020\/04\/oc-1810-ComarquageFE-UE-LEADER-REG-Vect-e1586270550726-350x87.jpg 350w, https:\/\/lhivernu.com\/wp-content\/uploads\/2020\/04\/oc-1810-ComarquageFE-UE-LEADER-REG-Vect-e1586270550726-480x119.jpg 480w, https:\/\/lhivernu.com\/wp-content\/uploads\/2020\/04\/oc-1810-ComarquageFE-UE-LEADER-REG-Vect-e1586270550726.jpg 1869w\" sizes=\"(max-width: 300px) 100vw, 300px\" \/><\/figure>\n\n<figure class=\"wp-block-image aligncenter\"><img decoding=\"async\" width=\"300\" height=\"77\" class=\"wp-image-2012\" src=\"https:\/\/lhivernu.com\/wp-content\/uploads\/2020\/04\/Barre-logos-300x77.jpg\" alt=\"\" srcset=\"https:\/\/lhivernu.com\/wp-content\/uploads\/2020\/04\/Barre-logos-300x77.jpg 300w, https:\/\/lhivernu.com\/wp-content\/uploads\/2020\/04\/Barre-logos-768x197.jpg 768w, https:\/\/lhivernu.com\/wp-content\/uploads\/2020\/04\/Barre-logos-1024x263.jpg 1024w, https:\/\/lhivernu.com\/wp-content\/uploads\/2020\/04\/Barre-logos-830x213.jpg 830w, https:\/\/lhivernu.com\/wp-content\/uploads\/2020\/04\/Barre-logos-230x59.jpg 230w, https:\/\/lhivernu.com\/wp-content\/uploads\/2020\/04\/Barre-logos-350x90.jpg 350w, https:\/\/lhivernu.com\/wp-content\/uploads\/2020\/04\/Barre-logos-480x123.jpg 480w, https:\/\/lhivernu.com\/wp-content\/uploads\/2020\/04\/Barre-logos.jpg 1088w\" sizes=\"(max-width: 300px) 100vw, 300px\" \/><\/figure>\n\n<p><span style=\"color: #333333;\">Visualisation et t\u00e9l\u00e9chargement du <em><span style=\"color: #0000ff;\"><a style=\"color: #0000ff;\" href=\"https:\/\/lhivernu.com\/wp-content\/uploads\/2020\/04\/Dossier-Un-pas-au-milieu-des-Dragons-Cie-Lhiver-nu.pdf\">dossier<\/a> <\/span><\/em>et de la <em><span style=\"color: #0000ff;\"><a style=\"color: #0000ff;\" href=\"https:\/\/lhivernu.com\/wp-content\/uploads\/2020\/04\/Plaquette-Un-pas-au-milieu-des-Dragons-Cie-Lhiver-nu.pdf\">plaquette<\/a><\/span><\/em><\/span><\/p>\n\t\t\t\t\t\t\t\t<\/div>\n\t\t\t\t<\/div>\n\t\t\t\t\t<\/div>\n\t\t<\/div>\n\t\t\t\t\t<\/div>\n\t\t<\/section>\n\t\t\t\t<\/div>\n\t\t","protected":false},"excerpt":{"rendered":"<p>Cr\u00e9ation 2018 Cr\u00e9ation 10 Novembre 2018 \u00e0 la Genette verte (Florac 48) Cr\u00e9dit Photo : Mat Jacob Un pas au milieu des dragons est un diptyque th\u00e9\u00e2tral qui constitue l\u2019aboutissement d\u2019une recherche sur la question de la catastrophe &#8211; \u00e9cologique, soci\u00e9tale, \u00e9conomique. Nous y interrogeons avec humour et po\u00e9sie notre pens\u00e9e rationnelle occidentale, une raison dominante m\u00e2le et blanche, qui a cr\u00e9\u00e9 un monde de la \u00ab mise \u00e0 distance \u00bb, fond\u00e9e sur les notions de progr\u00e8s, de savoirs comp\u00e9tents et de rationalit\u00e9 comptable. \u00ab (\u2026) pour le moment ce qui \u00e9crase ceux qui se disent \u00ab \u00e7a s\u2019arrangera \u00bb, c\u2019est un grand sentiment d\u2019impuissance. Or le sens du possible, \u00e7a provient justement de mots, de chants, de mani\u00e8res de rire et pas de se lamenter. La tristesse, c\u2019est l\u2019impuissance. \u00bb Isabelle Stengers, interview, 2013 Dragons #2 (th\u00e9\u00e2tre et ombres) Conception \u2013 Baptiste Etard et Claire PerraudeauMise en sc\u00e8ne et sc\u00e9nographie \u2013 Baptiste Etard \/ Dramaturgie \u2013 Jean-Luc VincentJeu \u2013 Sandrine Barciet, Rapha\u00eblle Gr\u00e9lin, Claire Perraudeau, Laur\u00e9lie RiffaultLumi\u00e8re et cr\u00e9ation d\u2019image :\u00a0Perrine Cado et Julien Paulhiac \u2028\/ Construction marionnettes et sc\u00e9nographie : Anne-Laure Baudin, Antonin Etard Cinq salari\u00e9es d\u2019un atelier de construction de chalets pr\u00e9fabriqu\u00e9s arrivent un matin sur leur [&hellip;]<\/p>\n","protected":false},"author":4,"featured_media":0,"parent":0,"menu_order":0,"comment_status":"closed","ping_status":"closed","template":"","meta":{"_themeisle_gutenberg_block_has_review":false,"footnotes":""},"class_list":["post-4027","page","type-page","status-publish","hentry"],"_links":{"self":[{"href":"https:\/\/lhivernu.com\/index.php\/wp-json\/wp\/v2\/pages\/4027","targetHints":{"allow":["GET"]}}],"collection":[{"href":"https:\/\/lhivernu.com\/index.php\/wp-json\/wp\/v2\/pages"}],"about":[{"href":"https:\/\/lhivernu.com\/index.php\/wp-json\/wp\/v2\/types\/page"}],"author":[{"embeddable":true,"href":"https:\/\/lhivernu.com\/index.php\/wp-json\/wp\/v2\/users\/4"}],"replies":[{"embeddable":true,"href":"https:\/\/lhivernu.com\/index.php\/wp-json\/wp\/v2\/comments?post=4027"}],"version-history":[{"count":6,"href":"https:\/\/lhivernu.com\/index.php\/wp-json\/wp\/v2\/pages\/4027\/revisions"}],"predecessor-version":[{"id":5379,"href":"https:\/\/lhivernu.com\/index.php\/wp-json\/wp\/v2\/pages\/4027\/revisions\/5379"}],"wp:attachment":[{"href":"https:\/\/lhivernu.com\/index.php\/wp-json\/wp\/v2\/media?parent=4027"}],"curies":[{"name":"wp","href":"https:\/\/api.w.org\/{rel}","templated":true}]}}